Last updated on 2022-07-04 23:53:18 CEST.
Flavor | Version | Tinstall | Tcheck | Ttotal | Status | Flags |
---|---|---|---|---|---|---|
r-devel-linux-x86_64-debian-clang | 4.0.0 | 23.68 | 249.92 | 273.60 | OK | |
r-devel-linux-x86_64-debian-gcc | 4.0.0 | 20.27 | 180.95 | 201.22 | OK | |
r-devel-linux-x86_64-fedora-clang | 4.0.0 | 324.19 | NOTE | |||
r-devel-linux-x86_64-fedora-gcc | 4.0.0 | 326.66 | OK | |||
r-devel-windows-x86_64 | 4.0.0 | 68.00 | 264.00 | 332.00 | OK | |
r-patched-linux-x86_64 | 4.0.0 | 29.60 | 234.75 | 264.35 | OK | |
r-release-linux-x86_64 | 4.0.0 | 23.84 | 229.14 | 252.98 | OK | |
r-release-macos-arm64 | 4.0.0 | 73.00 | OK | |||
r-release-macos-x86_64 | 4.0.0 | 119.00 | OK | |||
r-release-windows-x86_64 | 4.0.0 | 79.00 | 270.00 | 349.00 | OK | |
r-oldrel-macos-arm64 | 4.0.0 | 60.00 | OK | |||
r-oldrel-macos-x86_64 | 4.0.0 | 117.00 | OK | |||
r-oldrel-windows-ix86+x86_64 | 4.0.0 | 53.00 | 273.00 | 326.00 | OK |
Version: 4.0.0
Check: package dependencies
Result: NOTE
Imports includes 24 non-default packages.
Importing from so many packages makes the package vulnerable to any of
them becoming unavailable. Move as many as possible to Suggests and
use conditionally.
Flavor: r-devel-linux-x86_64-fedora-clang