CRAN Package Check Results for Package behaviorchange

Last updated on 2019-09-15 23:46:14 CEST.

Flavor Version Tinstall Tcheck Ttotal Status Flags
r-devel-linux-x86_64-debian-clang 0.2.1 9.01 76.19 85.20 OK
r-devel-linux-x86_64-debian-gcc 0.2.1 9.34 58.22 67.56 OK
r-devel-linux-x86_64-fedora-clang 0.2.1 98.79 NOTE
r-devel-linux-x86_64-fedora-gcc 0.2.1 99.71 NOTE
r-devel-windows-ix86+x86_64 0.2.1 28.00 148.00 176.00 OK
r-patched-linux-x86_64 0.2.1 10.46 75.46 85.92 OK
r-patched-solaris-x86 0.2.1 130.90 WARN
r-release-linux-x86_64 0.2.1 9.11 75.43 84.54 OK
r-release-windows-ix86+x86_64 0.2.1 17.00 90.00 107.00 OK
r-release-osx-x86_64 0.2.1 WARN
r-oldrel-windows-ix86+x86_64 0.2.1 18.00 109.00 127.00 OK
r-oldrel-osx-x86_64 0.2.1 WARN

Check Details

Version: 0.2.1
Check: dependencies in R code
Result: NOTE
    Namespace in Imports field not imported from: ‘magrittr’
     All declared Imports should be used.
Flavors: r-devel-linux-x86_64-fedora-clang, r-devel-linux-x86_64-fedora-gcc, r-patched-solaris-x86, r-release-osx-x86_64, r-oldrel-osx-x86_64

Version: 0.2.1
Check: re-building of vignette outputs
Result: WARN
    Error(s) in re-building vignettes:
     ...
    --- re-building ‘abcd-laagdrempelige_nederlandse_uitleg.Rmd’ using rmarkdown
    Warning in engine$weave(file, quiet = quiet, encoding = enc) :
     Pandoc (>= 1.12.3) and/or pandoc-citeproc not available. Falling back to R Markdown v1.
    Quitting from lines 53-74 (abcd-laagdrempelige_nederlandse_uitleg.Rmd)
    Error: processing vignette 'abcd-laagdrempelige_nederlandse_uitleg.Rmd' failed with diagnostics:
    there is no package called 'webshot'
    --- failed re-building ‘abcd-laagdrempelige_nederlandse_uitleg.Rmd’
    
    --- re-building ‘abcd.Rmd’ using rmarkdown
    Warning in engine$weave(file, quiet = quiet, encoding = enc) :
     Pandoc (>= 1.12.3) and/or pandoc-citeproc not available. Falling back to R Markdown v1.
    --- finished re-building ‘abcd.Rmd’
    
    --- re-building ‘matrix-van-aspecten-van-de-psychologie.Rmd’ using rmarkdown
    Warning in engine$weave(file, quiet = quiet, encoding = enc) :
     Pandoc (>= 1.12.3) and/or pandoc-citeproc not available. Falling back to R Markdown v1.
    --- finished re-building ‘matrix-van-aspecten-van-de-psychologie.Rmd’
    
    SUMMARY: processing the following file failed:
     ‘abcd-laagdrempelige_nederlandse_uitleg.Rmd’
    
    Error: Vignette re-building failed.
    Execution halted
Flavor: r-patched-solaris-x86

Version: 0.2.1
Check: re-building of vignette outputs
Result: WARN
    Error(s) in re-building vignettes:
     ...
    --- re-building ‘abcd-laagdrempelige_nederlandse_uitleg.Rmd’ using rmarkdown
    Warning in engine$weave(file, quiet = quiet, encoding = enc) :
     Pandoc (>= 1.12.3) and/or pandoc-citeproc not available. Falling back to R Markdown v1.
    Quitting from lines 53-74 (abcd-laagdrempelige_nederlandse_uitleg.Rmd)
    Error: processing vignette 'abcd-laagdrempelige_nederlandse_uitleg.Rmd' failed with diagnostics:
    cannot open the connection
    --- failed re-building ‘abcd-laagdrempelige_nederlandse_uitleg.Rmd’
    
    --- re-building ‘abcd.Rmd’ using rmarkdown
    Warning in engine$weave(file, quiet = quiet, encoding = enc) :
     Pandoc (>= 1.12.3) and/or pandoc-citeproc not available. Falling back to R Markdown v1.
    --- finished re-building ‘abcd.Rmd’
    
    --- re-building ‘matrix-van-aspecten-van-de-psychologie.Rmd’ using rmarkdown
    Warning in engine$weave(file, quiet = quiet, encoding = enc) :
     Pandoc (>= 1.12.3) and/or pandoc-citeproc not available. Falling back to R Markdown v1.
    --- finished re-building ‘matrix-van-aspecten-van-de-psychologie.Rmd’
    
    SUMMARY: processing the following file failed:
     ‘abcd-laagdrempelige_nederlandse_uitleg.Rmd’
    
    Error: Vignette re-building failed.
    Execution halted
Flavor: r-release-osx-x86_64

Version: 0.2.1
Check: re-building of vignette outputs
Result: WARN
    Error in re-building vignettes:
     ...
    Warning in engine$weave(file, quiet = quiet, encoding = enc) :
     Pandoc (>= 1.12.3) and/or pandoc-citeproc not available. Falling back to R Markdown v1.
    Quitting from lines 53-74 (abcd-laagdrempelige_nederlandse_uitleg.Rmd)
    Error: processing vignette 'abcd-laagdrempelige_nederlandse_uitleg.Rmd' failed with diagnostics:
    cannot open the connection
    Execution halted
Flavor: r-oldrel-osx-x86_64