CRAN Package Check Results for Package beautier

Last updated on 2019-06-07 02:50:44 CEST.

Flavor Version Tinstall Tcheck Ttotal Status Flags
r-devel-linux-x86_64-debian-clang 2.2.1 8.12 58.19 66.31 NOTE
r-devel-linux-x86_64-debian-gcc 2.2.1 7.42 46.42 53.84 NOTE
r-devel-linux-x86_64-fedora-clang 2.2.1 81.75 NOTE
r-devel-linux-x86_64-fedora-gcc 2.2.1 77.16 NOTE
r-devel-windows-ix86+x86_64 2.2.1 28.00 109.00 137.00 OK
r-patched-linux-x86_64 2.2.1 8.82 58.83 67.65 OK
r-patched-solaris-x86 2.2.1 103.10 OK
r-release-linux-x86_64 2.2.1 9.10 58.90 68.00 OK
r-release-windows-ix86+x86_64 2.2.1 25.00 99.00 124.00 OK
r-release-osx-x86_64 2.2.1 OK
r-oldrel-windows-ix86+x86_64 2.2.1 18.00 92.00 110.00 OK
r-oldrel-osx-x86_64 2.2.1 OK

Check Details

Version: 2.2.1
Check: for non-standard things in the check directory
Result: NOTE
    Found the following files/directories:
     beast.xml create_beast2_input_file.xml example_gtr.xml
     example_hky.xml example_jc69.xml example_tn93.xml my_beast.xml
Flavors: r-devel-linux-x86_64-debian-clang, r-devel-linux-x86_64-debian-gcc

Version: 2.2.1
Check: for non-standard things in the check directory
Result: NOTE
    Found the following files/directories:
     ‘beast.xml’ ‘create_beast2_input_file.xml’ ‘example_gtr.xml’
     ‘example_hky.xml’ ‘example_jc69.xml’ ‘example_tn93.xml’
     ‘my_beast.xml’
Flavors: r-devel-linux-x86_64-fedora-clang, r-devel-linux-x86_64-fedora-gcc