CRAN Package Check Results for Package beautier

Last updated on 2019-09-08 23:47:08 CEST.

Flavor Version Tinstall Tcheck Ttotal Status Flags
r-devel-linux-x86_64-debian-clang 2.2.1 NOTE
r-devel-linux-x86_64-debian-gcc 2.2.1 7.91 45.82 53.73 NOTE
r-devel-linux-x86_64-fedora-clang 2.2.1 84.89 NOTE
r-devel-linux-x86_64-fedora-gcc 2.2.1 82.54 NOTE
r-devel-windows-ix86+x86_64 2.2.1 26.00 100.00 126.00 OK
r-patched-linux-x86_64 2.2.1 8.89 57.63 66.52 OK
r-patched-solaris-x86 2.2.1 101.20 OK
r-release-linux-x86_64 2.2.1 7.59 58.24 65.83 OK
r-release-windows-ix86+x86_64 2.2.1 16.00 78.00 94.00 OK
r-release-osx-x86_64 2.2.1 OK
r-oldrel-windows-ix86+x86_64 2.2.1 23.00 64.00 87.00 OK
r-oldrel-osx-x86_64 2.2.1 OK

Check Details

Version: 2.2.1
Check: for non-standard things in the check directory
Result: NOTE
    Found the following files/directories:
     'beast.xml' 'create_beast2_input_file.xml' 'example_gtr.xml'
     'example_hky.xml' 'example_jc69.xml' 'example_tn93.xml'
     'my_beast.xml'
Flavors: r-devel-linux-x86_64-debian-clang, r-devel-linux-x86_64-debian-gcc, r-devel-linux-x86_64-fedora-clang, r-devel-linux-x86_64-fedora-gcc