CRAN Package Check Results for Package bdpopt

Last updated on 2022-12-02 23:50:23 CET.

Flavor Version Tinstall Tcheck Ttotal Status Flags
r-devel-linux-x86_64-debian-clang 1.0-1 2.42 34.99 37.41 NOTE
r-devel-linux-x86_64-debian-gcc 1.0-1 1.75 27.45 29.20 NOTE
r-devel-linux-x86_64-fedora-clang 1.0-1 62.44 NOTE
r-devel-linux-x86_64-fedora-gcc 1.0-1 58.07 NOTE
r-devel-windows-x86_64 1.0-1 26.00 82.00 108.00 NOTE
r-patched-linux-x86_64 1.0-1 3.28 33.44 36.72 NOTE
r-release-linux-x86_64 1.0-1 3.85 32.67 36.52 NOTE
r-release-macos-arm64 1.0-1 20.00 NOTE
r-release-macos-x86_64 1.0-1 31.00 NOTE
r-release-windows-x86_64 1.0-1 19.00 82.00 101.00 NOTE
r-oldrel-macos-arm64 1.0-1 19.00 NOTE
r-oldrel-macos-x86_64 1.0-1 34.00 NOTE
r-oldrel-windows-ix86+x86_64 1.0-1 7.00 57.00 64.00 NOTE

Check Details

Version: 1.0-1
Check: LazyData
Result: NOTE
     'LazyData' is specified without a 'data' directory
Flavors: r-devel-linux-x86_64-debian-clang, r-devel-linux-x86_64-debian-gcc, r-devel-linux-x86_64-fedora-clang, r-devel-linux-x86_64-fedora-gcc, r-devel-windows-x86_64, r-patched-linux-x86_64, r-release-linux-x86_64, r-release-macos-arm64, r-release-macos-x86_64, r-release-windows-x86_64, r-oldrel-macos-arm64, r-oldrel-macos-x86_64, r-oldrel-windows-ix86+x86_64