CRAN Package Check Results for Package bayesmove

Last updated on 2024-07-23 00:54:23 CEST.

Flavor Version Tinstall Tcheck Ttotal Status Flags
r-devel-linux-x86_64-debian-clang 0.2.1 42.38 126.57 168.95 NOTE
r-devel-linux-x86_64-debian-gcc 0.2.1 30.37 90.48 120.85 NOTE
r-devel-linux-x86_64-fedora-clang 0.2.1 252.88 NOTE
r-devel-linux-x86_64-fedora-gcc 0.2.1 219.69 NOTE
r-devel-windows-x86_64 0.2.1 41.00 133.00 174.00 NOTE
r-patched-linux-x86_64 0.2.1 48.97 120.93 169.90 NOTE
r-release-linux-x86_64 0.2.1 37.48 118.50 155.98 NOTE
r-release-macos-arm64 0.2.1 59.00 NOTE
r-release-macos-x86_64 0.2.1 83.00 NOTE
r-release-windows-x86_64 0.2.1 46.00 130.00 176.00 NOTE
r-oldrel-macos-arm64 0.2.1 68.00 OK
r-oldrel-macos-x86_64 0.2.1 107.00 OK
r-oldrel-windows-x86_64 0.2.1 47.00 159.00 206.00 OK

Check Details

Version: 0.2.1
Check: Rd files
Result: NOTE checkRd: (-1) insert_NAs.Rd:22: Lost braces; missing escapes or markup? 22 | A data frame where new rows have been inserted to regularize the \code{date} column. This results in values provided for \code{id}, \code{date}, and {dt} while inserting NAs for all other columns. Additionally, observations with duplicate date-times are removed. | ^ Flavors: r-devel-linux-x86_64-debian-clang, r-devel-linux-x86_64-debian-gcc, r-devel-linux-x86_64-fedora-clang, r-devel-linux-x86_64-fedora-gcc, r-devel-windows-x86_64, r-patched-linux-x86_64, r-release-linux-x86_64, r-release-macos-arm64, r-release-macos-x86_64, r-release-windows-x86_64