CRAN Package Check Results for Package bayesloglin

Last updated on 2021-04-14 23:47:04 CEST.

Flavor Version Tinstall Tcheck Ttotal Status Flags
r-devel-linux-x86_64-debian-clang 1.0.1 4.75 46.92 51.67 OK
r-devel-linux-x86_64-debian-gcc 1.0.1 3.54 36.77 40.31 OK
r-devel-linux-x86_64-fedora-clang 1.0.1 73.50 NOTE
r-devel-linux-x86_64-fedora-gcc 1.0.1 62.56 NOTE
r-devel-windows-ix86+x86_64 1.0.1 9.00 86.00 95.00 NOTE
r-devel-windows-x86_64-gcc10-UCRT 1.0.1 OK
r-patched-linux-x86_64 1.0.1 4.63 44.45 49.08 OK
r-patched-solaris-x86 1.0.1 90.40 OK
r-release-linux-x86_64 1.0.1 3.96 44.93 48.89 OK
r-release-macos-x86_64 1.0.1 OK
r-release-windows-ix86+x86_64 1.0.1 8.00 80.00 88.00 NOTE
r-oldrel-macos-x86_64 1.0.1 OK
r-oldrel-windows-ix86+x86_64 1.0.1 8.00 60.00 68.00 NOTE

Check Details

Version: 1.0.1
Check: compiled code
Result: NOTE
    File ‘bayesloglin/libs/bayesloglin.so’:
     Found no calls to: ‘R_registerRoutines’, ‘R_useDynamicSymbols’
    
    It is good practice to register native routines and to disable symbol
    search.
    
    See ‘Writing portable packages’ in the ‘Writing R Extensions’ manual.
Flavors: r-devel-linux-x86_64-fedora-clang, r-devel-linux-x86_64-fedora-gcc

Version: 1.0.1
Check: DESCRIPTION meta-information
Result: NOTE
    NeedsCompilation field should likely be 'yes'
Flavors: r-devel-windows-ix86+x86_64, r-release-windows-ix86+x86_64, r-oldrel-windows-ix86+x86_64