Last updated on 2022-06-24 23:50:05 CEST.
Flavor | Version | Tinstall | Tcheck | Ttotal | Status | Flags |
---|---|---|---|---|---|---|
r-devel-linux-x86_64-debian-clang | 0.0.4 | 125.19 | 90.55 | 215.74 | NOTE | |
r-devel-linux-x86_64-debian-gcc | 0.0.4 | 115.96 | 71.37 | 187.33 | NOTE | |
r-devel-linux-x86_64-fedora-clang | 0.0.4 | 302.85 | NOTE | |||
r-devel-linux-x86_64-fedora-gcc | 0.0.4 | 310.79 | NOTE | |||
r-devel-windows-x86_64 | 0.0.4 | 96.00 | 147.00 | 243.00 | NOTE | |
r-patched-linux-x86_64 | 0.0.4 | 112.07 | 92.75 | 204.82 | NOTE | |
r-release-linux-x86_64 | 0.0.4 | 100.66 | 89.07 | 189.73 | NOTE | |
r-release-macos-arm64 | 0.0.4 | 80.00 | NOTE | |||
r-release-macos-x86_64 | 0.0.4 | 123.00 | NOTE | |||
r-release-windows-x86_64 | 0.0.4 | 99.00 | 138.00 | 237.00 | NOTE | |
r-oldrel-macos-arm64 | 0.0.4 | 77.00 | NOTE | |||
r-oldrel-macos-x86_64 | 0.0.4 | 121.00 | NOTE | |||
r-oldrel-windows-ix86+x86_64 | 0.0.4 | 292.00 | 165.00 | 457.00 | NOTE |
Version: 0.0.4
Check: for GNU extensions in Makefiles
Result: NOTE
GNU make is a SystemRequirements.
Flavors: r-devel-linux-x86_64-debian-clang, r-devel-linux-x86_64-debian-gcc, r-devel-linux-x86_64-fedora-clang, r-devel-linux-x86_64-fedora-gcc, r-devel-windows-x86_64, r-patched-linux-x86_64, r-release-linux-x86_64, r-release-macos-arm64, r-release-macos-x86_64, r-release-windows-x86_64, r-oldrel-macos-arm64, r-oldrel-macos-x86_64, r-oldrel-windows-ix86+x86_64
Version: 0.0.4
Check: installed package size
Result: NOTE
installed size is 22.0Mb
sub-directories of 1Mb or more:
libs 21.7Mb
Flavors: r-devel-linux-x86_64-fedora-clang, r-release-macos-arm64, r-release-macos-x86_64, r-oldrel-macos-arm64, r-oldrel-macos-x86_64