CRAN Package Check Results for Package bayesSurv

Last updated on 2022-11-26 23:58:09 CET.

Flavor Version Tinstall Tcheck Ttotal Status Flags
r-devel-linux-x86_64-debian-clang 3.5 136.97 131.60 268.57 NOTE
r-devel-linux-x86_64-debian-gcc 3.5 112.15 98.38 210.53 NOTE
r-devel-linux-x86_64-fedora-clang 3.5 455.35 NOTE
r-devel-linux-x86_64-fedora-gcc 3.5 339.57 NOTE
r-devel-windows-x86_64 3.5 160.00 184.00 344.00 OK
r-patched-linux-x86_64 3.5 OK
r-release-linux-x86_64 3.5 116.79 116.97 233.76 OK
r-release-macos-arm64 3.5 101.00 NOTE
r-release-macos-x86_64 3.5 115.00 NOTE
r-release-windows-x86_64 3.5 166.00 176.00 342.00 OK
r-oldrel-macos-arm64 3.5 94.00 NOTE
r-oldrel-macos-x86_64 3.5 112.00 NOTE
r-oldrel-windows-ix86+x86_64 3.5 301.00 182.00 483.00 OK

Check Details

Version: 3.5
Check: HTML version of manual
Result: NOTE
    Found the following HTML validation problems:
    bayesBisurvreg.help.html:130:9 (bayesBisurvreg.help.Rd:64): Warning: <code> anchor "store" already defined
    bayessurvreg1.help.html:71:44 (bayessurvreg1.help.Rd:40): Warning: <code> anchor "nrandom" already defined
    bayessurvreg1.help.html:71:79 (bayessurvreg1.help.Rd:40): Warning: <code> anchor "ncluster" already defined
    bayessurvreg2.help.html:115:9 (bayessurvreg2.help.Rd:59): Warning: <code> anchor "init" already defined
    bayessurvreg3.help.html:122:9 (bayessurvreg3.help.Rd:68): Warning: <code> anchor "init" already defined
    give.init.html:147:9 (give.init.Rd:89): Warning: <code> anchor "init.y" already defined
Flavors: r-devel-linux-x86_64-debian-clang, r-devel-linux-x86_64-debian-gcc, r-devel-linux-x86_64-fedora-clang, r-devel-linux-x86_64-fedora-gcc

Version: 3.5
Check: Rd cross-references
Result: NOTE
    Undeclared package ‘mvtnorm’ in Rd xrefs
Flavor: r-devel-linux-x86_64-fedora-clang

Version: 3.5
Check: installed package size
Result: NOTE
     installed size is 5.6Mb
     sub-directories of 1Mb or more:
     libs 4.4Mb
Flavors: r-release-macos-arm64, r-release-macos-x86_64, r-oldrel-macos-arm64, r-oldrel-macos-x86_64