CRAN Package Check Results for Package bayesGARCH

Last updated on 2022-06-28 23:53:58 CEST.

Flavor Version Tinstall Tcheck Ttotal Status Flags
r-devel-linux-x86_64-debian-clang 2.1.10 3.31 34.17 37.48 OK
r-devel-linux-x86_64-debian-gcc 2.1.10 2.66 26.55 29.21 OK
r-devel-linux-x86_64-fedora-clang 2.1.10 55.87 NOTE
r-devel-linux-x86_64-fedora-gcc 2.1.10 54.60 OK
r-devel-windows-x86_64 2.1.10 17.00 60.00 77.00 OK
r-patched-linux-x86_64 2.1.10 3.47 33.30 36.77 OK
r-release-linux-x86_64 2.1.10 3.38 32.62 36.00 OK
r-release-macos-arm64 2.1.10 21.00 OK
r-release-macos-x86_64 2.1.10 30.00 OK
r-release-windows-x86_64 2.1.10 27.00 62.00 89.00 OK
r-oldrel-macos-arm64 2.1.10 25.00 OK
r-oldrel-macos-x86_64 2.1.10 37.00 OK
r-oldrel-windows-ix86+x86_64 2.1.10 10.00 68.00 78.00 OK

Check Details

Version: 2.1.10
Check: Rd cross-references
Result: NOTE
    Undeclared package ‘fGarch’ in Rd xrefs
Flavor: r-devel-linux-x86_64-fedora-clang