CRAN Package Check Results for Package baycn

Last updated on 2022-06-28 23:53:58 CEST.

Flavor Version Tinstall Tcheck Ttotal Status Flags
r-devel-linux-x86_64-debian-clang 1.2.0 10.46 79.03 89.49 OK
r-devel-linux-x86_64-debian-gcc 1.2.0 8.07 59.74 67.81 OK
r-devel-linux-x86_64-fedora-clang 1.2.0 116.30 WARN
r-devel-linux-x86_64-fedora-gcc 1.2.0 111.74 WARN
r-devel-windows-x86_64 1.2.0 29.00 129.00 158.00 OK
r-patched-linux-x86_64 1.2.0 8.91 73.55 82.46 OK
r-release-linux-x86_64 1.2.0 11.04 74.01 85.05 OK
r-release-macos-arm64 1.2.0 33.00 OK
r-release-macos-x86_64 1.2.0 48.00 OK
r-release-windows-x86_64 1.2.0 31.00 102.00 133.00 OK
r-oldrel-macos-arm64 1.2.0 41.00 OK
r-oldrel-macos-x86_64 1.2.0 61.00 OK
r-oldrel-windows-ix86+x86_64 1.2.0 24.00 99.00 123.00 OK

Check Details

Version: 1.2.0
Check: package dependencies
Result: WARN
    Requires orphaned package: ‘gtools’
Flavors: r-devel-linux-x86_64-fedora-clang, r-devel-linux-x86_64-fedora-gcc