CRAN Package Check Results for Package baseballDBR

Last updated on 2019-10-20 23:47:20 CEST.

Flavor Version Tinstall Tcheck Ttotal Status Flags
r-devel-linux-x86_64-debian-clang 0.1.2 4.47 47.87 52.34 OK
r-devel-linux-x86_64-debian-gcc 0.1.2 3.80 38.23 42.03 OK
r-devel-linux-x86_64-fedora-clang 0.1.2 65.02 OK
r-devel-linux-x86_64-fedora-gcc 0.1.2 64.26 OK
r-devel-windows-ix86+x86_64 0.1.2 12.00 86.00 98.00 OK
r-patched-linux-x86_64 0.1.2 5.06 47.40 52.46 OK
r-patched-solaris-x86 0.1.2 90.40 OK
r-release-linux-x86_64 0.1.2 5.45 46.49 51.94 OK
r-release-windows-ix86+x86_64 0.1.2 15.00 84.00 99.00 OK
r-release-osx-x86_64 0.1.2 OK
r-oldrel-windows-ix86+x86_64 0.1.2 7.00 74.00 81.00 ERROR
r-oldrel-osx-x86_64 0.1.2 OK

Check Details

Version: 0.1.2
Check: tests
Result: ERROR
     Running 'testthat.R' [5s]
    Running the tests in 'tests/testthat.R' failed.
    Complete output:
     > library(testthat)
     > library(baseballDBR)
     >
     > test_check("baseballDBR")
     -- 1. Failure: (unknown) (@test-check_urls.R#25) ------------------------------
     urlExists("http://www.fangraphs.com/guts.aspx?type=cn") isn't true.
    
     == testthat results ===========================================================
     [ OK: 2 | SKIPPED: 0 | WARNINGS: 0 | FAILED: 1 ]
     1. Failure: (unknown) (@test-check_urls.R#25)
    
     Error: testthat unit tests failed
     Execution halted
Flavor: r-oldrel-windows-ix86+x86_64