CRAN Package Check Results for Package base64enc

Last updated on 2019-06-07 02:50:44 CEST.

Flavor Version Tinstall Tcheck Ttotal Status Flags
r-devel-linux-x86_64-debian-clang 0.1-3 2.26 15.65 17.91 OK
r-devel-linux-x86_64-debian-gcc 0.1-3 1.72 13.54 15.26 OK
r-devel-linux-x86_64-fedora-clang 0.1-3 22.99 NOTE
r-devel-linux-x86_64-fedora-gcc 0.1-3 21.80 NOTE
r-devel-windows-ix86+x86_64 0.1-3 16.00 46.00 62.00 OK
r-patched-linux-x86_64 0.1-3 2.09 15.24 17.33 OK
r-patched-solaris-x86 0.1-3 42.80 OK
r-release-linux-x86_64 0.1-3 2.16 15.62 17.78 OK
r-release-windows-ix86+x86_64 0.1-3 12.00 48.00 60.00 OK
r-release-osx-x86_64 0.1-3 OK
r-oldrel-windows-ix86+x86_64 0.1-3 9.00 32.00 41.00 OK
r-oldrel-osx-x86_64 0.1-3 OK

Check Details

Version: 0.1-3
Check: compiled code
Result: NOTE
    File ‘base64enc/libs/base64enc.so’:
     Found no calls to: ‘R_registerRoutines’, ‘R_useDynamicSymbols’
    
    It is good practice to register native routines and to disable symbol
    search.
    
    See ‘Writing portable packages’ in the ‘Writing R Extensions’ manual.
Flavors: r-devel-linux-x86_64-fedora-clang, r-devel-linux-x86_64-fedora-gcc