CRAN Package Check Results for Package base64enc

Last updated on 2019-09-15 23:46:14 CEST.

Flavor Version Tinstall Tcheck Ttotal Status Flags
r-devel-linux-x86_64-debian-clang 0.1-3 2.68 16.82 19.50 OK
r-devel-linux-x86_64-debian-gcc 0.1-3 1.98 13.57 15.55 OK
r-devel-linux-x86_64-fedora-clang 0.1-3 23.87 NOTE
r-devel-linux-x86_64-fedora-gcc 0.1-3 22.42 NOTE
r-devel-windows-ix86+x86_64 0.1-3 20.00 48.00 68.00 OK
r-patched-linux-x86_64 0.1-3 1.77 16.61 18.38 OK
r-patched-solaris-x86 0.1-3 45.60 OK
r-release-linux-x86_64 0.1-3 1.73 16.51 18.24 OK
r-release-windows-ix86+x86_64 0.1-3 12.00 48.00 60.00 OK
r-release-osx-x86_64 0.1-3 OK
r-oldrel-windows-ix86+x86_64 0.1-3 9.00 32.00 41.00 OK
r-oldrel-osx-x86_64 0.1-3 OK

Check Details

Version: 0.1-3
Check: compiled code
Result: NOTE
    File ‘base64enc/libs/base64enc.so’:
     Found no calls to: ‘R_registerRoutines’, ‘R_useDynamicSymbols’
    
    It is good practice to register native routines and to disable symbol
    search.
    
    See ‘Writing portable packages’ in the ‘Writing R Extensions’ manual.
Flavors: r-devel-linux-x86_64-fedora-clang, r-devel-linux-x86_64-fedora-gcc