CRAN Package Check Results for Package basad

Last updated on 2020-09-27 23:49:21 CEST.

Flavor Version Tinstall Tcheck Ttotal Status Flags
r-devel-linux-x86_64-debian-clang 0.2.0 83.97 26.57 110.54 OK
r-devel-linux-x86_64-debian-gcc 0.2.0 60.73 22.73 83.46 OK
r-devel-linux-x86_64-fedora-clang 0.2.0 151.66 NOTE
r-devel-linux-x86_64-fedora-gcc 0.2.0 134.18 OK
r-devel-windows-ix86+x86_64 0.2.0 152.00 63.00 215.00 OK
r-patched-linux-x86_64 0.2.0 65.78 28.23 94.01 OK
r-patched-solaris-x86 0.2.0 110.20 OK
r-release-linux-x86_64 0.2.0 66.00 27.83 93.83 OK
r-release-macos-x86_64 0.2.0 NOTE
r-release-windows-ix86+x86_64 0.2.0 148.00 68.00 216.00 OK
r-oldrel-macos-x86_64 0.2.0 NOTE
r-oldrel-windows-ix86+x86_64 0.2.0 130.00 65.00 195.00 OK

Check Details

Version: 0.2.0
Check: installed package size
Result: NOTE
     installed size is 14.2Mb
     sub-directories of 1Mb or more:
     libs 14.1Mb
Flavors: r-devel-linux-x86_64-fedora-clang, r-release-macos-x86_64, r-oldrel-macos-x86_64