CRAN Package Check Results for Package bartMachineJARs

Last updated on 2019-11-10 23:48:21 CET.

Flavor Version Tinstall Tcheck Ttotal Status Flags
r-devel-linux-x86_64-debian-clang 1.1 3.09 21.99 25.08 OK
r-devel-linux-x86_64-debian-gcc 1.1 2.52 17.07 19.59 OK
r-devel-linux-x86_64-fedora-clang 1.1 31.93 OK
r-devel-linux-x86_64-fedora-gcc 1.1 30.60 OK
r-devel-windows-ix86+x86_64 1.1 6.00 6.00 12.00 ERROR
r-patched-linux-x86_64 1.1 3.08 20.93 24.01 OK
r-patched-solaris-x86 1.1 42.50 OK
r-release-linux-x86_64 1.1 2.70 20.95 23.65 OK
r-release-windows-ix86+x86_64 1.1 7.00 43.00 50.00 OK
r-release-osx-x86_64 1.1 OK
r-oldrel-windows-ix86+x86_64 1.1 5.00 29.00 34.00 OK
r-oldrel-osx-x86_64 1.1 OK

Check Details

Version: 1.1
Check: whether package can be installed
Result: ERROR
    Installation failed.
Flavor: r-devel-windows-ix86+x86_64