CRAN Package Check Results for Package bartMachine

Last updated on 2020-10-28 23:47:08 CET.

Flavor Version Tinstall Tcheck Ttotal Status Flags
r-devel-linux-x86_64-debian-clang 1.2.5.1 7.76 88.06 95.82 OK
r-devel-linux-x86_64-debian-gcc 1.2.5.1 5.98 68.60 74.58 OK
r-devel-linux-x86_64-fedora-clang 1.2.5.1 128.73 OK
r-devel-linux-x86_64-fedora-gcc 1.2.5.1 118.32 OK
r-devel-windows-ix86+x86_64 1.2.5.1 15.00 99.00 114.00 OK
r-patched-linux-x86_64 1.2.5.1 7.14 85.54 92.68 OK
r-patched-solaris-x86 1.2.5.1 156.00 OK
r-release-linux-x86_64 1.2.5.1 6.76 84.63 91.39 OK
r-release-macos-x86_64 1.2.5.1 OK
r-release-windows-ix86+x86_64 1.2.5.1 12.00 80.00 92.00 OK
r-oldrel-macos-x86_64 1.2.5.1 OK
r-oldrel-windows-ix86+x86_64 1.2.5.1 7.00 7.00 14.00 ERROR

Check Details

Version: 1.2.5.1
Check: whether package can be installed
Result: ERROR
    Installation failed.
Flavor: r-oldrel-windows-ix86+x86_64