CRAN Package Check Results for Package bamlss

Last updated on 2019-10-20 23:47:20 CEST.

Flavor Version Tinstall Tcheck Ttotal Status Flags
r-devel-linux-x86_64-debian-clang 1.1-0 57.55 291.36 348.91 OK
r-devel-linux-x86_64-debian-gcc 1.1-0 50.13 218.36 268.49 OK
r-devel-linux-x86_64-fedora-clang 1.1-0 412.56 NOTE
r-devel-linux-x86_64-fedora-gcc 1.1-0 420.54 OK
r-devel-windows-ix86+x86_64 1.1-0 70.00 318.00 388.00 NOTE
r-patched-linux-x86_64 1.1-0 52.44 285.99 338.43 OK
r-patched-solaris-x86 1.1-0 484.10 NOTE
r-release-linux-x86_64 1.1-0 58.84 286.25 345.09 OK
r-release-windows-ix86+x86_64 1.1-0 102.00 313.00 415.00 NOTE
r-release-osx-x86_64 1.1-0 NOTE
r-oldrel-windows-ix86+x86_64 1.1-0 73.00 306.00 379.00 NOTE
r-oldrel-osx-x86_64 1.1-0 NOTE

Check Details

Version: 1.1-0
Check: installed package size
Result: NOTE
     installed size is 5.7Mb
     sub-directories of 1Mb or more:
     R 2.1Mb
     doc 2.0Mb
Flavors: r-devel-linux-x86_64-fedora-clang, r-devel-windows-ix86+x86_64, r-patched-solaris-x86, r-release-windows-ix86+x86_64, r-release-osx-x86_64, r-oldrel-windows-ix86+x86_64, r-oldrel-osx-x86_64

Version: 1.1-0
Check: dependencies in R code
Result: NOTE
    No protocol specified
    No protocol specified
Flavors: r-release-osx-x86_64, r-oldrel-osx-x86_64