CRAN Package Check Results for Package bama

Last updated on 2022-06-28 23:53:58 CEST.

Flavor Version Tinstall Tcheck Ttotal Status Flags
r-devel-linux-x86_64-debian-clang 1.2 66.07 39.89 105.96 OK
r-devel-linux-x86_64-debian-gcc 1.2 48.11 31.60 79.71 OK
r-devel-linux-x86_64-fedora-clang 1.2 154.15 OK
r-devel-linux-x86_64-fedora-gcc 1.2 137.51 OK
r-devel-windows-x86_64 1.2 47.00 90.00 137.00 OK
r-patched-linux-x86_64 1.2 55.21 39.86 95.07 OK
r-release-linux-x86_64 1.2 46.61 39.46 86.07 OK
r-release-macos-arm64 1.2 41.00 NOTE
r-release-macos-x86_64 1.2 54.00 NOTE
r-release-windows-x86_64 1.2 53.00 92.00 145.00 OK
r-oldrel-macos-arm64 1.2 49.00 NOTE
r-oldrel-macos-x86_64 1.2 84.00 NOTE
r-oldrel-windows-ix86+x86_64 1.2 140.00 99.00 239.00 OK

Additional issues

donttest

Check Details

Version: 1.2
Check: installed package size
Result: NOTE
     installed size is 5.3Mb
     sub-directories of 1Mb or more:
     libs 4.4Mb
Flavors: r-release-macos-arm64, r-release-macos-x86_64, r-oldrel-macos-arm64, r-oldrel-macos-x86_64