CRAN Package Check Results for Package balance

Last updated on 2020-05-24 23:47:38 CEST.

Flavor Version Tinstall Tcheck Ttotal Status Flags
r-devel-linux-x86_64-debian-clang 0.2.4 3.48 50.46 53.94 OK
r-devel-linux-x86_64-debian-gcc 0.2.4 3.12 38.37 41.49 OK
r-devel-linux-x86_64-fedora-clang 0.2.4 63.71 OK
r-devel-linux-x86_64-fedora-gcc 0.2.4 63.02 OK
r-devel-windows-ix86+x86_64 0.2.4 21.00 66.00 87.00 OK
r-patched-linux-x86_64 0.2.4 4.09 49.27 53.36 OK
r-patched-solaris-x86 0.2.4 89.10 OK
r-release-linux-x86_64 0.2.4 3.18 49.10 52.28 OK
r-release-osx-x86_64 0.2.4 NOTE
r-release-windows-ix86+x86_64 0.2.4 14.00 87.00 101.00 OK
r-oldrel-osx-x86_64 0.2.4 NOTE
r-oldrel-windows-ix86+x86_64 0.2.4 8.00 97.00 105.00 OK

Check Details

Version: 0.2.4
Check: package dependencies
Result: NOTE
    Package suggested but not available for checking: ‘philr’
Flavors: r-release-osx-x86_64, r-oldrel-osx-x86_64