CRAN Package Check Results for Package balance

Last updated on 2019-10-13 23:47:15 CEST.

Flavor Version Tinstall Tcheck Ttotal Status Flags
r-devel-linux-x86_64-debian-clang 0.2.4 3.26 46.45 49.71 OK
r-devel-linux-x86_64-debian-gcc 0.2.4 2.67 36.65 39.32 OK
r-devel-linux-x86_64-fedora-clang 0.2.4 58.12 OK
r-devel-linux-x86_64-fedora-gcc 0.2.4 61.71 OK
r-devel-windows-ix86+x86_64 0.2.4 10.00 63.00 73.00 OK
r-patched-linux-x86_64 0.2.4 2.63 44.83 47.46 OK
r-patched-solaris-x86 0.2.4 84.20 OK
r-release-linux-x86_64 0.2.4 3.09 44.52 47.61 OK
r-release-windows-ix86+x86_64 0.2.4 13.00 85.00 98.00 OK
r-release-osx-x86_64 0.2.4 NOTE
r-oldrel-windows-ix86+x86_64 0.2.4 4.00 63.00 67.00 OK
r-oldrel-osx-x86_64 0.2.4 NOTE

Check Details

Version: 0.2.4
Check: package dependencies
Result: NOTE
    Package suggested but not available for checking: ‘philr’
Flavors: r-release-osx-x86_64, r-oldrel-osx-x86_64