Last updated on 2022-07-01 23:53:16 CEST.
Flavor | Version | Tinstall | Tcheck | Ttotal | Status | Flags |
---|---|---|---|---|---|---|
r-devel-linux-x86_64-debian-clang | 0.6.21 | 637.31 | 306.39 | 943.70 | NOTE | |
r-devel-linux-x86_64-debian-gcc | 0.6.21 | 550.47 | 247.91 | 798.38 | NOTE | |
r-devel-linux-x86_64-fedora-clang | 0.6.21 | 1242.25 | NOTE | |||
r-devel-linux-x86_64-fedora-gcc | 0.6.21 | 1328.44 | NOTE | |||
r-devel-windows-x86_64 | 0.6.21 | 388.00 | 406.00 | 794.00 | NOTE | |
r-patched-linux-x86_64 | 0.6.21 | 474.46 | 327.86 | 802.32 | NOTE | |
r-release-linux-x86_64 | 0.6.21 | 497.30 | 328.86 | 826.16 | NOTE | |
r-release-macos-arm64 | 0.6.21 | 327.00 | NOTE | |||
r-release-macos-x86_64 | 0.6.21 | 524.00 | NOTE | |||
r-release-windows-x86_64 | 0.6.21 | 400.00 | 414.00 | 814.00 | NOTE | |
r-oldrel-macos-arm64 | 0.6.21 | 340.00 | NOTE | |||
r-oldrel-macos-x86_64 | 0.6.21 | 394.00 | NOTE | |||
r-oldrel-windows-ix86+x86_64 | 0.6.21 | 1351.00 | 645.00 | 1996.00 | NOTE |
Version: 0.6.21
Check: for GNU extensions in Makefiles
Result: NOTE
GNU make is a SystemRequirements.
Flavors: r-devel-linux-x86_64-debian-clang, r-devel-linux-x86_64-debian-gcc, r-devel-linux-x86_64-fedora-clang, r-devel-linux-x86_64-fedora-gcc, r-devel-windows-x86_64, r-patched-linux-x86_64, r-release-linux-x86_64, r-release-macos-arm64, r-release-macos-x86_64, r-release-windows-x86_64, r-oldrel-macos-arm64, r-oldrel-macos-x86_64, r-oldrel-windows-ix86+x86_64
Version: 0.6.21
Check: installed package size
Result: NOTE
installed size is 65.4Mb
sub-directories of 1Mb or more:
libs 63.6Mb
Flavors: r-devel-linux-x86_64-fedora-clang, r-devel-windows-x86_64, r-release-macos-arm64, r-release-macos-x86_64, r-release-windows-x86_64, r-oldrel-macos-arm64, r-oldrel-macos-x86_64, r-oldrel-windows-ix86+x86_64