CRAN Package Check Results for Package babel

Last updated on 2019-12-08 23:47:16 CET.

Flavor Version Tinstall Tcheck Ttotal Status Flags
r-devel-linux-x86_64-debian-clang 0.3-0 4.72 247.13 251.85 OK
r-devel-linux-x86_64-debian-gcc 0.3-0 3.90 173.22 177.12 OK
r-devel-linux-x86_64-fedora-clang 0.3-0 313.36 OK
r-devel-linux-x86_64-fedora-gcc 0.3-0 288.73 OK
r-devel-windows-ix86+x86_64 0.3-0 9.00 94.00 103.00 OK --no-vignettes
r-devel-windows-ix86+x86_64-gcc8 0.3-0 9.00 71.00 80.00 OK --no-vignettes
r-patched-linux-x86_64 0.3-0 3.31 230.89 234.20 OK
r-patched-solaris-x86 0.3-0 109.20 OK --no-vignettes
r-release-linux-x86_64 0.3-0 4.27 233.76 238.03 OK
r-release-windows-ix86+x86_64 0.3-0 13.00 70.00 83.00 OK --no-vignettes
r-release-osx-x86_64 0.3-0 WARN
r-oldrel-windows-ix86+x86_64 0.3-0 6.00 101.00 107.00 OK --no-vignettes
r-oldrel-osx-x86_64 0.3-0 OK

Check Details

Version: 0.3-0
Check: whether package can be installed
Result: WARN
    Found the following significant warnings:
     Warning: package ‘edgeR’ was built under R version 3.6.1
Flavor: r-release-osx-x86_64