CRAN Package Check Results for Package babel

Last updated on 2019-08-18 23:47:28 CEST.

Flavor Version Tinstall Tcheck Ttotal Status Flags
r-devel-linux-x86_64-debian-clang 0.3-0 3.84 254.76 258.60 OK
r-devel-linux-x86_64-debian-gcc 0.3-0 3.22 181.03 184.25 OK
r-devel-linux-x86_64-fedora-clang 0.3-0 305.57 OK
r-devel-linux-x86_64-fedora-gcc 0.3-0 283.65 OK
r-devel-windows-ix86+x86_64 0.3-0 11.00 138.00 149.00 OK --no-vignettes
r-patched-linux-x86_64 0.3-0 3.75 239.94 243.69 OK
r-patched-solaris-x86 0.3-0 107.60 OK --no-vignettes
r-release-linux-x86_64 0.3-0 3.40 242.11 245.51 OK
r-release-windows-ix86+x86_64 0.3-0 9.00 67.00 76.00 OK --no-vignettes
r-release-osx-x86_64 0.3-0 ERROR
r-oldrel-windows-ix86+x86_64 0.3-0 7.00 84.00 91.00 OK --no-vignettes
r-oldrel-osx-x86_64 0.3-0 OK

Check Details

Version: 0.3-0
Check: package dependencies
Result: ERROR
    Package required but not available: ‘edgeR’
    
    See section ‘The DESCRIPTION file’ in the ‘Writing R Extensions’
    manual.
Flavor: r-release-osx-x86_64