CRAN Package Check Results for Package aweSOM

Last updated on 2024-06-25 00:57:52 CEST.

Flavor Version Tinstall Tcheck Ttotal Status Flags
r-devel-linux-x86_64-debian-clang 1.3 6.76 62.45 69.21 OK
r-devel-linux-x86_64-debian-gcc 1.3 4.97 47.36 52.33 OK
r-devel-linux-x86_64-fedora-clang 1.3 87.87 NOTE
r-devel-linux-x86_64-fedora-gcc 1.3 96.24 NOTE
r-devel-windows-x86_64 1.3 7.00 68.00 75.00 OK
r-patched-linux-x86_64 1.3 6.18 60.22 66.40 OK
r-release-linux-x86_64 1.3 4.32 59.31 63.63 OK
r-release-macos-arm64 1.3 34.00 OK
r-release-macos-x86_64 1.3 68.00 OK
r-release-windows-x86_64 1.3 7.00 72.00 79.00 OK
r-oldrel-macos-arm64 1.3 33.00 OK
r-oldrel-macos-x86_64 1.3 65.00 OK
r-oldrel-windows-x86_64 1.3 9.00 74.00 83.00 OK

Check Details

Version: 1.3
Check: dependencies in R code
Result: NOTE Namespaces in Imports field not imported from: ‘DT’ ‘bslib’ ‘rclipboard’ ‘rmarkdown’ All declared Imports should be used. Flavors: r-devel-linux-x86_64-fedora-clang, r-devel-linux-x86_64-fedora-gcc