CRAN Package Check Results for Package aurelius

Last updated on 2020-05-24 23:47:38 CEST.

Flavor Version Tinstall Tcheck Ttotal Status Flags
r-devel-linux-x86_64-debian-clang 0.8.4 14.96 99.16 114.12 NOTE
r-devel-linux-x86_64-debian-gcc 0.8.4 10.37 76.40 86.77 NOTE
r-devel-linux-x86_64-fedora-clang 0.8.4 134.11 NOTE
r-devel-linux-x86_64-fedora-gcc 0.8.4 135.09 NOTE
r-devel-windows-ix86+x86_64 0.8.4 28.00 157.00 185.00 NOTE
r-patched-linux-x86_64 0.8.4 11.82 101.67 113.49 NOTE
r-patched-solaris-x86 0.8.4 190.30 NOTE
r-release-linux-x86_64 0.8.4 10.68 101.72 112.40 NOTE
r-release-osx-x86_64 0.8.4 OK
r-release-windows-ix86+x86_64 0.8.4 21.00 159.00 180.00 NOTE
r-oldrel-osx-x86_64 0.8.4 OK
r-oldrel-windows-ix86+x86_64 0.8.4 19.00 136.00 155.00 NOTE

Check Details

Version: 0.8.4
Check: package dependencies
Result: NOTE
    Package which this enhances but not available for checking: 'rPython'
Flavors: r-devel-linux-x86_64-debian-clang, r-devel-linux-x86_64-debian-gcc, r-devel-linux-x86_64-fedora-clang, r-devel-linux-x86_64-fedora-gcc, r-devel-windows-ix86+x86_64, r-patched-linux-x86_64, r-patched-solaris-x86, r-release-linux-x86_64, r-release-windows-ix86+x86_64, r-oldrel-windows-ix86+x86_64