CRAN Package Check Results for Package atime

Last updated on 2024-06-14 00:53:35 CEST.

Flavor Version Tinstall Tcheck Ttotal Status Flags
r-devel-linux-x86_64-debian-clang 2024.4.23 4.85 166.21 171.06 OK
r-devel-linux-x86_64-debian-gcc 2024.4.23 0.63 1.71 2.34 ERROR
r-devel-linux-x86_64-fedora-clang 2024.4.23 207.51 OK
r-devel-linux-x86_64-fedora-gcc 2024.4.23 212.65 OK
r-devel-windows-x86_64 2024.4.23 5.00 163.00 168.00 OK
r-patched-linux-x86_64 2024.4.23 5.18 159.64 164.82 OK
r-release-linux-x86_64 2024.4.23 3.43 163.90 167.33 OK
r-release-macos-arm64 2024.4.23 90.00 OK
r-release-macos-x86_64 2024.4.23 132.00 OK
r-release-windows-x86_64 2024.4.23 5.00 166.00 171.00 OK
r-oldrel-macos-arm64 2024.4.23 99.00 OK
r-oldrel-macos-x86_64 2024.4.23 179.00 OK
r-oldrel-windows-x86_64 2024.4.23 6.00 198.00 204.00 OK

Check Details

Version: 2024.4.23
Check: package dependencies
Result: ERROR Package required but not available: ‘bench’ Packages suggested but not available for checking: 'ggplot2', 'testthat', 'readr', 'dplyr', 'tidyr' See section ‘The DESCRIPTION file’ in the ‘Writing R Extensions’ manual. Flavor: r-devel-linux-x86_64-debian-gcc