Last updated on 2023-02-06 23:55:37 CET.
Flavor | Version | Tinstall | Tcheck | Ttotal | Status | Flags |
---|---|---|---|---|---|---|
r-devel-linux-x86_64-debian-clang | 0.2.8 | 2.95 | 37.26 | 40.21 | NOTE | |
r-devel-linux-x86_64-debian-gcc | 0.2.8 | 2.14 | 28.31 | 30.45 | NOTE | |
r-devel-linux-x86_64-fedora-clang | 0.2.8 | 51.48 | NOTE | |||
r-devel-linux-x86_64-fedora-gcc | 0.2.8 | 60.30 | NOTE | |||
r-devel-windows-x86_64 | 0.2.8 | 15.00 | 76.00 | 91.00 | NOTE | |
r-patched-linux-x86_64 | 0.2.8 | 2.71 | 36.40 | 39.11 | NOTE | |
r-release-linux-x86_64 | 0.2.8 | 2.34 | 34.17 | 36.51 | NOTE | |
r-release-macos-arm64 | 0.2.8 | 25.00 | NOTE | |||
r-release-macos-x86_64 | 0.2.8 | 37.00 | NOTE | |||
r-release-windows-x86_64 | 0.2.8 | 24.00 | 83.00 | 107.00 | NOTE | |
r-oldrel-macos-arm64 | 0.2.8 | 35.00 | NOTE | |||
r-oldrel-macos-x86_64 | 0.2.8 | 43.00 | NOTE | |||
r-oldrel-windows-ix86+x86_64 | 0.2.8 | 7.00 | 72.00 | 79.00 | NOTE |
Version: 0.2.8
Check: LazyData
Result: NOTE
'LazyData' is specified without a 'data' directory
Flavors: r-devel-linux-x86_64-debian-clang, r-devel-linux-x86_64-debian-gcc, r-devel-linux-x86_64-fedora-clang, r-devel-linux-x86_64-fedora-gcc, r-devel-windows-x86_64, r-patched-linux-x86_64, r-release-linux-x86_64, r-release-macos-arm64, r-release-macos-x86_64, r-release-windows-x86_64, r-oldrel-macos-arm64, r-oldrel-macos-x86_64, r-oldrel-windows-ix86+x86_64