Last updated on 2022-05-18 23:52:07 CEST.
Flavor | Version | Tinstall | Tcheck | Ttotal | Status | Flags |
---|---|---|---|---|---|---|
r-devel-linux-x86_64-debian-clang | 4.3-31 | 22.74 | 237.70 | 260.44 | NOTE | |
r-devel-linux-x86_64-debian-gcc | 4.3-31 | 17.43 | 176.75 | 194.18 | NOTE | |
r-devel-linux-x86_64-fedora-clang | 4.3-31 | 296.02 | NOTE | |||
r-devel-linux-x86_64-fedora-gcc | 4.3-31 | 309.01 | NOTE | |||
r-devel-windows-x86_64 | 4.3-31 | 135.00 | 252.00 | 387.00 | NOTE | |
r-patched-linux-x86_64 | 4.3-31 | 27.94 | 225.56 | 253.50 | NOTE | |
r-release-linux-x86_64 | 4.3-31 | 17.02 | 223.44 | 240.46 | NOTE | |
r-release-macos-arm64 | 4.3-31 | 77.00 | NOTE | |||
r-release-macos-x86_64 | 4.3-31 | 138.00 | NOTE | |||
r-release-windows-x86_64 | 4.3-31 | 149.00 | 266.00 | 415.00 | NOTE | |
r-oldrel-macos-arm64 | 4.3-31 | 67.00 | NOTE | |||
r-oldrel-macos-x86_64 | 4.3-31 | 105.00 | NOTE | |||
r-oldrel-windows-ix86+x86_64 | 4.3-31 | 41.00 | 276.00 | 317.00 | NOTE |
Version: 4.3-31
Check: package dependencies
Result: NOTE
Package which this enhances but not available for checking: 'asreml'
Flavors: r-devel-linux-x86_64-debian-clang, r-devel-linux-x86_64-debian-gcc, r-devel-linux-x86_64-fedora-clang, r-devel-linux-x86_64-fedora-gcc, r-devel-windows-x86_64, r-patched-linux-x86_64, r-release-linux-x86_64, r-release-macos-arm64, r-release-macos-x86_64, r-release-windows-x86_64, r-oldrel-macos-arm64, r-oldrel-macos-x86_64, r-oldrel-windows-ix86+x86_64