CRAN Package Check Results for Package arrayhelpers

Last updated on 2023-02-06 23:55:36 CET.

Flavor Version Tinstall Tcheck Ttotal Status Flags
r-devel-linux-x86_64-debian-clang 1.1-0 2.87 31.94 34.81 NOTE
r-devel-linux-x86_64-debian-gcc 1.1-0 2.52 24.99 27.51 NOTE
r-devel-linux-x86_64-fedora-clang 1.1-0 45.44 NOTE
r-devel-linux-x86_64-fedora-gcc 1.1-0 44.22 NOTE
r-devel-windows-x86_64 1.1-0 30.00 73.00 103.00 NOTE
r-patched-linux-x86_64 1.1-0 3.51 31.54 35.05 NOTE
r-release-linux-x86_64 1.1-0 3.29 31.67 34.96 NOTE
r-release-macos-arm64 1.1-0 21.00 NOTE
r-release-macos-x86_64 1.1-0 26.00 NOTE
r-release-windows-x86_64 1.1-0 55.00 73.00 128.00 NOTE
r-oldrel-macos-arm64 1.1-0 23.00 NOTE
r-oldrel-macos-x86_64 1.1-0 36.00 NOTE
r-oldrel-windows-ix86+x86_64 1.1-0 8.00 67.00 75.00 NOTE

Check Details

Version: 1.1-0
Check: LazyData
Result: NOTE
     'LazyData' is specified without a 'data' directory
Flavors: r-devel-linux-x86_64-debian-clang, r-devel-linux-x86_64-debian-gcc, r-devel-linux-x86_64-fedora-clang, r-devel-linux-x86_64-fedora-gcc, r-devel-windows-x86_64, r-patched-linux-x86_64, r-release-linux-x86_64, r-release-macos-arm64, r-release-macos-x86_64, r-release-windows-x86_64, r-oldrel-macos-arm64, r-oldrel-macos-x86_64, r-oldrel-windows-ix86+x86_64