Last updated on 2022-07-04 23:53:18 CEST.
Flavor | Version | Tinstall | Tcheck | Ttotal | Status | Flags |
---|---|---|---|---|---|---|
r-devel-linux-x86_64-debian-clang | 3.2.2 | 27.31 | 196.95 | 224.26 | NOTE | |
r-devel-linux-x86_64-debian-gcc | 3.2.2 | 27.43 | 144.87 | 172.30 | NOTE | |
r-devel-linux-x86_64-fedora-clang | 3.2.2 | 292.30 | NOTE | |||
r-devel-linux-x86_64-fedora-gcc | 3.2.2 | 276.11 | NOTE | |||
r-devel-windows-x86_64 | 3.2.2 | 182.00 | 216.00 | 398.00 | NOTE | |
r-patched-linux-x86_64 | 3.2.2 | 42.24 | 184.57 | 226.81 | NOTE | |
r-release-linux-x86_64 | 3.2.2 | 24.86 | 182.52 | 207.38 | NOTE | |
r-release-macos-arm64 | 3.2.2 | 72.00 | NOTE | |||
r-release-macos-x86_64 | 3.2.2 | 94.00 | NOTE | |||
r-release-windows-x86_64 | 3.2.2 | 149.00 | 207.00 | 356.00 | NOTE | |
r-oldrel-macos-arm64 | 3.2.2 | 103.00 | NOTE | |||
r-oldrel-macos-x86_64 | 3.2.2 | 1803.00 | NOTE | |||
r-oldrel-windows-ix86+x86_64 | 3.2.2 | 52.00 | 211.00 | 263.00 | NOTE |
Version: 3.2.2
Check: package dependencies
Result: NOTE
Packages suggested but not available for checking:
'sfit', 'expectile', 'HaarSeg', 'mpcbs'
Flavors: r-devel-linux-x86_64-debian-clang, r-devel-linux-x86_64-debian-gcc, r-devel-linux-x86_64-fedora-clang, r-devel-linux-x86_64-fedora-gcc, r-devel-windows-x86_64, r-patched-linux-x86_64, r-release-linux-x86_64, r-release-macos-arm64, r-release-macos-x86_64, r-release-windows-x86_64, r-oldrel-windows-ix86+x86_64
Version: 3.2.2
Check: package dependencies
Result: NOTE
Packages suggested but not available for checking:
'GLAD', 'sfit', 'expectile', 'HaarSeg', 'mpcbs'
Flavors: r-oldrel-macos-arm64, r-oldrel-macos-x86_64
Version: 3.2.2
Check: Rd cross-references
Result: NOTE
Package unavailable to check Rd xrefs: ‘GLAD’
Flavor: r-oldrel-macos-arm64