CRAN Package Check Results for Package aroma.affymetrix

Last updated on 2019-08-18 23:47:28 CEST.

Flavor Version Tinstall Tcheck Ttotal Status Flags
r-devel-linux-x86_64-debian-clang 3.2.0 52.61 250.90 303.51 OK
r-devel-linux-x86_64-debian-gcc 3.2.0 44.08 190.41 234.49 OK
r-devel-linux-x86_64-fedora-clang 3.2.0 382.89 NOTE
r-devel-linux-x86_64-fedora-gcc 3.2.0 385.40 OK
r-devel-windows-ix86+x86_64 3.2.0 108.00 333.00 441.00 NOTE
r-patched-linux-x86_64 3.2.0 50.68 250.02 300.70 OK
r-patched-solaris-x86 3.2.0 448.60 NOTE
r-release-linux-x86_64 3.2.0 46.25 249.98 296.23 OK
r-release-windows-ix86+x86_64 3.2.0 73.00 233.00 306.00 NOTE
r-release-osx-x86_64 3.2.0 ERROR
r-oldrel-windows-ix86+x86_64 3.2.0 94.00 323.00 417.00 NOTE
r-oldrel-osx-x86_64 3.2.0 NOTE

Check Details

Version: 3.2.0
Check: installed package size
Result: NOTE
     installed size is 5.8Mb
     sub-directories of 1Mb or more:
     R 2.3Mb
     help 1.1Mb
     testScripts 1.3Mb
Flavors: r-devel-linux-x86_64-fedora-clang, r-devel-windows-ix86+x86_64, r-patched-solaris-x86, r-release-windows-ix86+x86_64, r-oldrel-windows-ix86+x86_64, r-oldrel-osx-x86_64

Version: 3.2.0
Check: package dependencies
Result: ERROR
    Package required but not available: ‘aroma.core’
    
    Packages suggested but not available for checking:
     'Biobase', 'BiocGenerics', 'affxparser', 'affy', 'affyPLM',
     'aroma.light', 'gcrma', 'limma', 'oligo', 'oligoClasses',
     'pdInfoBuilder', 'preprocessCore', 'AffymetrixDataTestFiles'
    
    See section ‘The DESCRIPTION file’ in the ‘Writing R Extensions’
    manual.
Flavor: r-release-osx-x86_64

Version: 3.2.0
Check: package dependencies
Result: NOTE
    Package suggested but not available for checking: ‘AffymetrixDataTestFiles’
Flavor: r-oldrel-osx-x86_64