CRAN Package Check Results for Package aroma.affymetrix

Last updated on 2024-06-13 00:55:06 CEST.

Flavor Version Tinstall Tcheck Ttotal Status Flags
r-devel-linux-x86_64-debian-clang 3.2.2 64.72 376.89 441.61 OK
r-devel-linux-x86_64-debian-gcc 3.2.2 49.32 246.83 296.15 NOTE
r-devel-linux-x86_64-fedora-clang 3.2.2 455.02 NOTE
r-devel-linux-x86_64-fedora-gcc 3.2.2 310.51 OK
r-devel-windows-x86_64 3.2.2 54.00 276.00 330.00 NOTE
r-patched-linux-x86_64 3.2.2 72.09 355.01 427.10 OK
r-release-linux-x86_64 3.2.2 54.85 351.34 406.19 OK
r-release-macos-arm64 3.2.2 100.00 NOTE
r-release-macos-x86_64 3.2.2 175.00 NOTE
r-release-windows-x86_64 3.2.2 55.00 275.00 330.00 NOTE
r-oldrel-macos-arm64 3.2.2 124.00 NOTE
r-oldrel-macos-x86_64 3.2.2 228.00 NOTE
r-oldrel-windows-x86_64 3.2.2 69.00 339.00 408.00 NOTE

Check Details

Version: 3.2.2
Check: package dependencies
Result: NOTE Packages suggested but not available for checking: 'oligo', 'oligoClasses', 'pdInfoBuilder' Flavor: r-devel-linux-x86_64-debian-gcc

Version: 3.2.2
Check: Rd cross-references
Result: NOTE Packages unavailable to check Rd xrefs: ‘oligo’, ‘oligoClasses’ Flavor: r-devel-linux-x86_64-debian-gcc

Version: 3.2.2
Check: installed package size
Result: NOTE installed size is 5.9Mb sub-directories of 1Mb or more: R 2.3Mb help 1.2Mb testScripts 1.3Mb Flavors: r-devel-linux-x86_64-fedora-clang, r-devel-windows-x86_64, r-release-macos-arm64, r-release-macos-x86_64, r-release-windows-x86_64, r-oldrel-macos-arm64, r-oldrel-macos-x86_64, r-oldrel-windows-x86_64

Version: 3.2.2
Check: package dependencies
Result: NOTE Package suggested but not available for checking: ‘AffymetrixDataTestFiles’ Flavors: r-release-macos-arm64, r-release-macos-x86_64

Version: 3.2.2
Check: package dependencies
Result: NOTE Packages suggested but not available for checking: 'affxparser', 'oligo', 'oligoClasses', 'pdInfoBuilder', 'AffymetrixDataTestFiles' Flavors: r-oldrel-macos-arm64, r-oldrel-macos-x86_64

Version: 3.2.2
Check: Rd cross-references
Result: NOTE Packages unavailable to check Rd xrefs: ‘affxparser’, ‘oligo’, ‘oligoClasses’ Flavors: r-oldrel-macos-arm64, r-oldrel-macos-x86_64