Last updated on 2022-05-22 23:51:38 CEST.
Flavor | Version | Tinstall | Tcheck | Ttotal | Status | Flags |
---|---|---|---|---|---|---|
r-devel-linux-x86_64-debian-clang | 1.12-2 | 13.25 | 118.62 | 131.87 | OK | |
r-devel-linux-x86_64-debian-gcc | 1.12-2 | 10.82 | 89.47 | 100.29 | OK | |
r-devel-linux-x86_64-fedora-clang | 1.12-2 | 162.88 | NOTE | |||
r-devel-linux-x86_64-fedora-gcc | 1.12-2 | 158.16 | OK | |||
r-devel-windows-x86_64 | 1.12-2 | 31.00 | 135.00 | 166.00 | OK | |
r-patched-linux-x86_64 | 1.12-2 | 13.97 | 114.26 | 128.23 | OK | |
r-release-linux-x86_64 | 1.12-2 | 16.32 | 112.96 | 129.28 | OK | |
r-release-macos-arm64 | 1.12-2 | 42.00 | OK | |||
r-release-macos-x86_64 | 1.12-2 | 72.00 | OK | |||
r-release-windows-x86_64 | 1.12-2 | 31.00 | 129.00 | 160.00 | OK | |
r-oldrel-macos-arm64 | 1.12-2 | 53.00 | OK | |||
r-oldrel-macos-x86_64 | 1.12-2 | 61.00 | OK | |||
r-oldrel-windows-ix86+x86_64 | 1.12-2 | 31.00 | 128.00 | 159.00 | OK |
Version: 1.12-2
Check: Rd cross-references
Result: NOTE
Undeclared packages ‘survey’, ‘Matching’ in Rd xrefs
Flavor: r-devel-linux-x86_64-fedora-clang