Last updated on 2022-07-01 23:53:16 CEST.
Flavor | Version | Tinstall | Tcheck | Ttotal | Status | Flags |
---|---|---|---|---|---|---|
r-devel-linux-x86_64-debian-clang | 0.3.5 | 6.98 | 58.86 | 65.84 | NOTE | |
r-devel-linux-x86_64-debian-gcc | 0.3.5 | 4.99 | 45.00 | 49.99 | NOTE | |
r-devel-linux-x86_64-fedora-clang | 0.3.5 | 85.67 | NOTE | |||
r-devel-linux-x86_64-fedora-gcc | 0.3.5 | 84.47 | NOTE | |||
r-devel-windows-x86_64 | 0.3.5 | 22.00 | 82.00 | 104.00 | NOTE | |
r-patched-linux-x86_64 | 0.3.5 | 6.75 | 56.70 | 63.45 | NOTE | |
r-release-linux-x86_64 | 0.3.5 | 6.02 | 55.74 | 61.76 | NOTE | |
r-release-macos-arm64 | 0.3.5 | 28.00 | NOTE | |||
r-release-macos-x86_64 | 0.3.5 | 43.00 | NOTE | |||
r-release-windows-x86_64 | 0.3.5 | 23.00 | 89.00 | 112.00 | NOTE | |
r-oldrel-macos-arm64 | 0.3.5 | 33.00 | NOTE | |||
r-oldrel-macos-x86_64 | 0.3.5 | 39.00 | NOTE | |||
r-oldrel-windows-ix86+x86_64 | 0.3.5 | 17.00 | 82.00 | 99.00 | NOTE |
Version: 0.3.5
Check: LazyData
Result: NOTE
'LazyData' is specified without a 'data' directory
Flavors: r-devel-linux-x86_64-debian-clang, r-devel-linux-x86_64-debian-gcc, r-devel-linux-x86_64-fedora-clang, r-devel-linux-x86_64-fedora-gcc, r-devel-windows-x86_64, r-patched-linux-x86_64, r-release-linux-x86_64, r-release-macos-arm64, r-release-macos-x86_64, r-release-windows-x86_64, r-oldrel-macos-arm64, r-oldrel-macos-x86_64, r-oldrel-windows-ix86+x86_64