CRAN Package Check Results for Package archivist

Last updated on 2021-04-21 23:47:54 CEST.

Flavor Version Tinstall Tcheck Ttotal Status Flags
r-devel-linux-x86_64-debian-clang 2.3.5 9.12 79.75 88.87 NOTE
r-devel-linux-x86_64-debian-gcc 2.3.5 6.83 60.38 67.21 NOTE
r-devel-linux-x86_64-fedora-clang 2.3.5 115.17 NOTE
r-devel-linux-x86_64-fedora-gcc 2.3.5 104.67 NOTE
r-devel-windows-ix86+x86_64 2.3.5 19.00 112.00 131.00 NOTE
r-devel-windows-x86_64-gcc10-UCRT 2.3.5 NOTE
r-patched-linux-x86_64 2.3.5 12.08 74.90 86.98 WARN
r-patched-solaris-x86 2.3.5 149.30 OK
r-release-linux-x86_64 2.3.5 8.56 75.50 84.06 OK
r-release-macos-x86_64 2.3.5 OK
r-release-windows-ix86+x86_64 2.3.5 18.00 116.00 134.00 OK
r-oldrel-macos-x86_64 2.3.5 OK
r-oldrel-windows-ix86+x86_64 2.3.5 26.00 105.00 131.00 OK

Check Details

Version: 2.3.5
Check: LazyData
Result: NOTE
     'LazyData' is specified without a 'data' directory
Flavors: r-devel-linux-x86_64-debian-clang, r-devel-linux-x86_64-debian-gcc, r-devel-linux-x86_64-fedora-clang, r-devel-linux-x86_64-fedora-gcc, r-devel-windows-ix86+x86_64, r-devel-windows-x86_64-gcc10-UCRT

Version: 2.3.5
Check: Rd cross-references
Result: NOTE
    Undeclared package ‘rmarkdown’ in Rd xrefs
Flavor: r-devel-linux-x86_64-fedora-clang

Version: 2.3.5
Check: whether package can be installed
Result: WARN
    Found the following significant warnings:
     Rd warning: /tmp/Rtmp7AWrKR/R.INSTALL58af1212edf5/archivist/man/ahistory.Rd:42: file link ‘%a%’ in package ‘archivist’ does not exist and so has been treated as a topic
     Rd warning: /tmp/Rtmp7AWrKR/R.INSTALL58af1212edf5/archivist/man/ahistory.Rd:52: file link ‘rmarkdown’ in package ‘rmarkdown’ does not exist and so has been treated as a topic
     Rd warning: /tmp/Rtmp7AWrKR/R.INSTALL58af1212edf5/archivist/man/magrittr.Rd:17: file link ‘%>%’ in package ‘magrittr’ does not exist and so has been treated as a topic
     Rd warning: /tmp/Rtmp7AWrKR/R.INSTALL58af1212edf5/archivist/man/pipe.Rd:10: file link ‘%>%’ in package ‘magrittr’ does not exist and so has been treated as a topic
Flavor: r-patched-linux-x86_64