Last updated on 2023-02-08 00:03:17 CET.
Flavor | Version | Tinstall | Tcheck | Ttotal | Status | Flags |
---|---|---|---|---|---|---|
r-devel-linux-x86_64-debian-clang | 0.2.6 | 7.42 | 61.62 | 69.04 | NOTE | |
r-devel-linux-x86_64-debian-gcc | 0.2.6 | 5.97 | 46.86 | 52.83 | NOTE | |
r-devel-linux-x86_64-fedora-clang | 0.2.6 | 87.07 | NOTE | |||
r-devel-linux-x86_64-fedora-gcc | 0.2.6 | 96.53 | NOTE | |||
r-devel-windows-x86_64 | 0.2.6 | 32.00 | 95.00 | 127.00 | NOTE | |
r-patched-linux-x86_64 | 0.2.6 | 13.40 | 59.80 | 73.20 | NOTE | |
r-release-linux-x86_64 | 0.2.6 | 7.56 | 59.84 | 67.40 | NOTE | |
r-release-macos-arm64 | 0.2.6 | 28.00 | NOTE | |||
r-release-macos-x86_64 | 0.2.6 | 40.00 | NOTE | |||
r-release-windows-x86_64 | 0.2.6 | 32.00 | 104.00 | 136.00 | NOTE | |
r-oldrel-macos-arm64 | 0.2.6 | 33.00 | NOTE | |||
r-oldrel-macos-x86_64 | 0.2.6 | 57.00 | NOTE | |||
r-oldrel-windows-ix86+x86_64 | 0.2.6 | 17.00 | 87.00 | 104.00 | NOTE |
Version: 0.2.6
Check: LazyData
Result: NOTE
'LazyData' is specified without a 'data' directory
Flavors: r-devel-linux-x86_64-debian-clang, r-devel-linux-x86_64-debian-gcc, r-devel-linux-x86_64-fedora-clang, r-devel-linux-x86_64-fedora-gcc, r-devel-windows-x86_64, r-patched-linux-x86_64, r-release-linux-x86_64, r-release-macos-arm64, r-release-macos-x86_64, r-release-windows-x86_64, r-oldrel-macos-arm64, r-oldrel-macos-x86_64, r-oldrel-windows-ix86+x86_64