CRAN Package Check Results for Package archivist.github

Last updated on 2021-04-21 23:47:54 CEST.

Flavor Version Tinstall Tcheck Ttotal Status Flags
r-devel-linux-x86_64-debian-clang 0.2.6 6.35 53.50 59.85 NOTE
r-devel-linux-x86_64-debian-gcc 0.2.6 4.87 41.51 46.38 NOTE
r-devel-linux-x86_64-fedora-clang 0.2.6 80.85 NOTE
r-devel-linux-x86_64-fedora-gcc 0.2.6 71.00 NOTE
r-devel-windows-ix86+x86_64 0.2.6 14.00 74.00 88.00 NOTE
r-devel-windows-x86_64-gcc10-UCRT 0.2.6 NOTE
r-patched-linux-x86_64 0.2.6 11.08 50.73 61.81 OK
r-patched-solaris-x86 0.2.6 108.10 OK
r-release-linux-x86_64 0.2.6 6.16 50.55 56.71 OK
r-release-macos-x86_64 0.2.6 OK
r-release-windows-ix86+x86_64 0.2.6 16.00 81.00 97.00 OK
r-oldrel-macos-x86_64 0.2.6 OK
r-oldrel-windows-ix86+x86_64 0.2.6 36.00 68.00 104.00 OK

Check Details

Version: 0.2.6
Check: LazyData
Result: NOTE
     'LazyData' is specified without a 'data' directory
Flavors: r-devel-linux-x86_64-debian-clang, r-devel-linux-x86_64-debian-gcc, r-devel-linux-x86_64-fedora-clang, r-devel-linux-x86_64-fedora-gcc, r-devel-windows-ix86+x86_64, r-devel-windows-x86_64-gcc10-UCRT