Last updated on 2021-04-17 23:48:17 CEST.
Flavor | Version | Tinstall | Tcheck | Ttotal | Status | Flags |
---|---|---|---|---|---|---|
r-devel-linux-x86_64-debian-clang | 0.6.0 | 7.05 | 73.80 | 80.85 | OK | |
r-devel-linux-x86_64-debian-gcc | 0.6.0 | 5.51 | 58.08 | 63.59 | OK | |
r-devel-linux-x86_64-fedora-clang | 0.6.0 | 103.39 | OK | |||
r-devel-linux-x86_64-fedora-gcc | 0.6.0 | 93.56 | OK | |||
r-devel-windows-ix86+x86_64 | 0.6.0 | 15.00 | 98.00 | 113.00 | OK | |
r-devel-windows-x86_64-gcc10-UCRT | 0.6.0 | OK | ||||
r-patched-linux-x86_64 | 0.6.0 | 5.70 | 69.48 | 75.18 | OK | |
r-patched-solaris-x86 | 0.6.0 | 135.00 | OK | |||
r-release-linux-x86_64 | 0.6.0 | 6.19 | 68.58 | 74.77 | OK | |
r-release-macos-x86_64 | 0.6.0 | OK | ||||
r-release-windows-ix86+x86_64 | 0.6.0 | 15.00 | 113.00 | 128.00 | OK | |
r-oldrel-macos-x86_64 | 0.6.0 | NOTE | ||||
r-oldrel-windows-ix86+x86_64 | 0.6.0 | 8.00 | 101.00 | 109.00 | NOTE |
Version: 0.6.0
Check: R code for possible problems
Result: NOTE
frag.graph.plot: no visible global function definition for ‘plot’
Undefined global functions or variables:
plot
Consider adding
importFrom("graphics", "plot")
to your NAMESPACE file.
Flavors: r-oldrel-macos-x86_64, r-oldrel-windows-ix86+x86_64