CRAN Package Check Results for Package ar.matrix

Last updated on 2022-01-21 23:48:39 CET.

Flavor Version Tinstall Tcheck Ttotal Status Flags
r-devel-linux-x86_64-debian-clang 0.1.0 2.56 40.71 43.27 OK
r-devel-linux-x86_64-debian-gcc 0.1.0 1.84 31.08 32.92 OK
r-devel-linux-x86_64-fedora-clang 0.1.0 52.25 NOTE
r-devel-linux-x86_64-fedora-gcc 0.1.0 41.40 NOTE
r-devel-windows-x86_64-new-UL 0.1.0 31.00 58.00 89.00 OK
r-devel-windows-x86_64-new-TK 0.1.0 NOTE
r-patched-linux-x86_64 0.1.0 1.61 37.61 39.22 OK
r-release-linux-x86_64 0.1.0 1.71 38.10 39.81 OK
r-release-macos-arm64 0.1.0 NOTE
r-release-macos-x86_64 0.1.0 NOTE
r-release-windows-ix86+x86_64 0.1.0 5.00 51.00 56.00 OK
r-oldrel-macos-x86_64 0.1.0 NOTE
r-oldrel-windows-ix86+x86_64 0.1.0 5.00 51.00 56.00 OK

Check Details

Version: 0.1.0
Check: dependencies in R code
Result: NOTE
    Namespace in Imports field not imported from: ‘sp’
     All declared Imports should be used.
Flavors: r-devel-linux-x86_64-fedora-clang, r-devel-linux-x86_64-fedora-gcc, r-devel-windows-x86_64-new-TK, r-release-macos-arm64, r-release-macos-x86_64, r-oldrel-macos-x86_64