CRAN Package Check Results for Package aqp

Last updated on 2019-08-11 23:47:24 CEST.

Flavor Version Tinstall Tcheck Ttotal Status Flags
r-devel-linux-x86_64-debian-clang 1.17 17.27 157.87 175.14 OK
r-devel-linux-x86_64-debian-gcc 1.17 13.49 125.24 138.73 OK
r-devel-linux-x86_64-fedora-clang 1.17 202.99 NOTE
r-devel-linux-x86_64-fedora-gcc 1.17 200.90 NOTE
r-devel-windows-ix86+x86_64 1.17 40.00 247.00 287.00 OK
r-patched-linux-x86_64 1.17 19.05 156.34 175.39 OK
r-patched-solaris-x86 1.17 300.30 NOTE
r-release-linux-x86_64 1.17 14.37 155.35 169.72 OK
r-release-windows-ix86+x86_64 1.17 47.00 255.00 302.00 OK
r-release-osx-x86_64 1.17 NOTE
r-oldrel-windows-ix86+x86_64 1.17 38.00 232.00 270.00 OK
r-oldrel-osx-x86_64 1.17 NOTE

Check Details

Version: 1.17
Check: data for non-ASCII characters
Result: NOTE
     Note: found 1 marked Latin-1 string
Flavors: r-devel-linux-x86_64-fedora-clang, r-devel-linux-x86_64-fedora-gcc, r-patched-solaris-x86, r-release-osx-x86_64, r-oldrel-osx-x86_64