CRAN Package Check Results for Package aqp

Last updated on 2019-05-23 02:46:36 CEST.

Flavor Version Tinstall Tcheck Ttotal Status Flags
r-devel-linux-x86_64-debian-clang 1.17 15.50 159.15 174.65 OK
r-devel-linux-x86_64-debian-gcc 1.17 13.83 124.90 138.73 OK
r-devel-linux-x86_64-fedora-clang 1.17 220.34 NOTE
r-devel-linux-x86_64-fedora-gcc 1.17 218.00 NOTE
r-devel-windows-ix86+x86_64 1.17 24.00 256.00 280.00 OK
r-patched-linux-x86_64 1.17 17.36 156.66 174.02 OK
r-patched-solaris-x86 1.17 314.40 NOTE
r-release-linux-x86_64 1.17 17.18 156.24 173.42 OK
r-release-windows-ix86+x86_64 1.17 52.00 231.00 283.00 OK
r-release-osx-x86_64 1.17 NOTE
r-oldrel-windows-ix86+x86_64 1.17 22.00 154.00 176.00 OK
r-oldrel-osx-x86_64 1.17 NOTE

Check Details

Version: 1.17
Check: data for non-ASCII characters
Result: NOTE
     Note: found 1 marked Latin-1 string
Flavors: r-devel-linux-x86_64-fedora-clang, r-devel-linux-x86_64-fedora-gcc, r-patched-solaris-x86, r-release-osx-x86_64, r-oldrel-osx-x86_64