CRAN Package Check Results for Package aprof

Last updated on 2024-06-16 00:58:15 CEST.

Flavor Version Tinstall Tcheck Ttotal Status Flags
r-devel-linux-x86_64-debian-clang 0.4.1 2.94 23.53 26.47 OK
r-devel-linux-x86_64-debian-gcc 0.4.1 2.12 18.17 20.29 OK
r-devel-linux-x86_64-fedora-clang 0.4.1 33.08 NOTE
r-devel-linux-x86_64-fedora-gcc 0.4.1 31.21 NOTE
r-devel-windows-x86_64 0.4.1 3.00 39.00 42.00 OK
r-patched-linux-x86_64 0.4.1 2.46 22.57 25.03 OK
r-release-linux-x86_64 0.4.1 2.93 22.07 25.00 OK
r-release-macos-arm64 0.4.1 15.00 OK
r-release-macos-x86_64 0.4.1 21.00 OK
r-release-windows-x86_64 0.4.1 3.00 40.00 43.00 OK
r-oldrel-macos-arm64 0.4.1 17.00 OK
r-oldrel-macos-x86_64 0.4.1 19.00 OK
r-oldrel-windows-x86_64 0.4.1 4.00 43.00 47.00 OK

Check Details

Version: 0.4.1
Check: dependencies in R code
Result: NOTE Namespace in Imports field not imported from: ‘testthat’ All declared Imports should be used. Flavors: r-devel-linux-x86_64-fedora-clang, r-devel-linux-x86_64-fedora-gcc