CRAN Package Check Results for Package apollo

Last updated on 2019-11-10 23:48:21 CET.

Flavor Version Tinstall Tcheck Ttotal Status Flags
r-devel-linux-x86_64-debian-clang 0.0.9 52.92 128.80 181.72 NOTE
r-devel-linux-x86_64-debian-gcc 0.0.9 43.03 98.83 141.86 NOTE
r-devel-linux-x86_64-fedora-clang 0.0.9 238.11 OK
r-devel-linux-x86_64-fedora-gcc 0.0.9 227.67 OK
r-devel-windows-ix86+x86_64 0.0.9 103.00 171.00 274.00 OK
r-patched-linux-x86_64 0.0.9 48.65 122.84 171.49 NOTE
r-patched-solaris-x86 0.0.9 284.50 OK
r-release-linux-x86_64 0.0.9 48.20 124.38 172.58 NOTE
r-release-windows-ix86+x86_64 0.0.9 134.00 221.00 355.00 OK
r-release-osx-x86_64 0.0.9 OK
r-oldrel-windows-ix86+x86_64 0.0.9 124.00 202.00 326.00 OK
r-oldrel-osx-x86_64 0.0.9 OK

Check Details

Version: 0.0.9
Check: R code for possible problems
Result: NOTE
    Found the following calls to attach():
    File 'apollo/R/apollo_attach.R':
     attach(as.list(apollo_beta))
     attach(database)
     attach(draws)
     attach(randcoeff)
     attach(lcpars)
    See section 'Good practice' in '?attach'.
Flavors: r-devel-linux-x86_64-debian-clang, r-devel-linux-x86_64-debian-gcc, r-patched-linux-x86_64, r-release-linux-x86_64