CRAN Package Check Results for Package apisensr

Last updated on 2022-08-13 23:51:39 CEST.

Flavor Version Tinstall Tcheck Ttotal Status Flags
r-devel-linux-x86_64-debian-clang 0.3.0 13.31 115.08 128.39 NOTE
r-devel-linux-x86_64-debian-gcc 0.3.0 10.63 82.50 93.13 NOTE
r-devel-linux-x86_64-fedora-clang 0.3.0 169.00 NOTE
r-devel-linux-x86_64-fedora-gcc 0.3.0 165.71 NOTE
r-devel-windows-x86_64 0.3.0 24.00 133.00 157.00 NOTE
r-patched-linux-x86_64 0.3.0 12.78 106.77 119.55 NOTE
r-release-linux-x86_64 0.3.0 12.17 107.11 119.28 NOTE
r-release-macos-arm64 0.3.0 44.00 NOTE
r-release-macos-x86_64 0.3.0 70.00 NOTE
r-release-windows-x86_64 0.3.0 28.00 135.00 163.00 NOTE
r-oldrel-macos-arm64 0.3.0 52.00 NOTE
r-oldrel-macos-x86_64 0.3.0 81.00 NOTE
r-oldrel-windows-ix86+x86_64 0.3.0 38.00 144.00 182.00 NOTE

Check Details

Version: 0.3.0
Check: LazyData
Result: NOTE
     'LazyData' is specified without a 'data' directory
Flavors: r-devel-linux-x86_64-debian-clang, r-devel-linux-x86_64-debian-gcc, r-devel-linux-x86_64-fedora-clang, r-devel-linux-x86_64-fedora-gcc, r-devel-windows-x86_64, r-patched-linux-x86_64, r-release-linux-x86_64, r-release-macos-arm64, r-release-macos-x86_64, r-release-windows-x86_64, r-oldrel-macos-arm64, r-oldrel-macos-x86_64, r-oldrel-windows-ix86+x86_64