CRAN Package Check Results for Package aphylo

Last updated on 2022-11-25 22:51:26 CET.

Flavor Version Tinstall Tcheck Ttotal Status Flags
r-devel-linux-x86_64-debian-clang 0.2-1 65.69 206.25 271.94 WARN
r-devel-linux-x86_64-debian-gcc 0.2-1 59.26 154.28 213.54 OK
r-devel-linux-x86_64-fedora-clang 0.2-1 378.49 WARN
r-devel-linux-x86_64-fedora-gcc 0.2-1 353.51 OK
r-devel-windows-x86_64 0.2-1 94.00 281.00 375.00 OK
r-patched-linux-x86_64 0.2-1 OK
r-release-linux-x86_64 0.2-1 59.89 194.67 254.56 OK
r-release-macos-arm64 0.2-1 90.00 OK
r-release-macos-x86_64 0.2-1 121.00 OK
r-release-windows-x86_64 0.2-1 112.00 257.00 369.00 OK
r-oldrel-macos-arm64 0.2-1 78.00 OK
r-oldrel-macos-x86_64 0.2-1 125.00 OK
r-oldrel-windows-ix86+x86_64 0.2-1 173.00 388.00 561.00 OK

Additional issues

M1mac

Check Details

Version: 0.2-1
Check: whether package can be installed
Result: WARN
    Found the following significant warnings:
     ../inst/include/tree_meat.hpp:375:9: warning: use of bitwise '|' with boolean operands [-Wbitwise-instead-of-logical]
Flavors: r-devel-linux-x86_64-debian-clang, r-devel-linux-x86_64-fedora-clang