CRAN Package Check Results for Package apcluster

Last updated on 2022-01-17 23:51:16 CET.

Flavor Version Tinstall Tcheck Ttotal Status Flags
r-devel-linux-x86_64-debian-clang 1.4.8 67.66 116.50 184.16 WARN
r-devel-linux-x86_64-debian-gcc 1.4.9 50.86 94.48 145.34 OK
r-devel-linux-x86_64-fedora-clang 1.4.9 268.40 OK
r-devel-linux-x86_64-fedora-gcc 1.4.9 237.04 OK
r-devel-windows-x86_64-new-UL 1.4.9 145.00 181.00 326.00 OK
r-devel-windows-x86_64-new-TK 1.4.8 OK
r-patched-linux-x86_64 1.4.8 53.62 130.95 184.57 OK
r-release-linux-x86_64 1.4.9 OK
r-release-macos-arm64 1.4.9 OK
r-release-macos-x86_64 1.4.9 OK
r-release-windows-ix86+x86_64 1.4.8 163.00 215.00 378.00 OK
r-oldrel-macos-x86_64 1.4.8 WARN
r-oldrel-windows-ix86+x86_64 1.4.8 162.00 206.00 368.00 OK

Additional issues

noSuggests

Check Details

Version: 1.4.8
Check: package dependencies
Result: NOTE
    Package suggested but not available for checking: 'kebabs'
Flavors: r-devel-linux-x86_64-debian-clang, r-oldrel-macos-x86_64

Version: 1.4.8
Check: re-building of vignette outputs
Result: WARN
    Error(s) in re-building vignettes:
     ...
    --- re-building 'apcluster.Rnw' using knitr
    
    Attaching package: 'apcluster'
    
    The following object is masked from 'package:stats':
    
     heatmap
    
    Quitting from lines 387-408 (apcluster.Rnw)
    Error: processing vignette 'apcluster.Rnw' failed with diagnostics:
    object 'apres2c' not found
    --- failed re-building 'apcluster.Rnw'
    
    SUMMARY: processing the following file failed:
     'apcluster.Rnw'
    
    Error: Vignette re-building failed.
    Execution halted
Flavors: r-devel-linux-x86_64-debian-clang, r-oldrel-macos-x86_64