CRAN Package Check Results for Package apc

Last updated on 2021-02-23 23:50:28 CET.

Flavor Version Tinstall Tcheck Ttotal Status Flags
r-devel-linux-x86_64-debian-clang 2.0.0 21.84 652.75 674.59 OK
r-devel-linux-x86_64-debian-gcc 2.0.0 17.71 482.32 500.03 OK
r-devel-linux-x86_64-fedora-clang 2.0.0 797.12 NOTE
r-devel-linux-x86_64-fedora-gcc 2.0.0 776.26 NOTE
r-devel-windows-ix86+x86_64 2.0.0 33.00 615.00 648.00 OK
r-patched-linux-x86_64 2.0.0 15.23 619.87 635.10 OK
r-patched-solaris-x86 2.0.0 1541.80 NOTE
r-release-linux-x86_64 2.0.0 15.81 611.77 627.58 OK
r-release-macos-x86_64 2.0.0 NOTE
r-release-windows-ix86+x86_64 2.0.0 46.00 766.00 812.00 OK
r-oldrel-macos-x86_64 2.0.0 NOTE
r-oldrel-windows-ix86+x86_64 2.0.0 27.00 732.00 759.00 NOTE

Check Details

Version: 2.0.0
Check: dependencies in R code
Result: NOTE
    Namespaces in Imports field not imported from:
     ‘AER’ ‘ChainLadder’ ‘ISLR’ ‘ggplot2’
     All declared Imports should be used.
Flavors: r-devel-linux-x86_64-fedora-clang, r-devel-linux-x86_64-fedora-gcc, r-patched-solaris-x86, r-release-macos-x86_64, r-oldrel-macos-x86_64

Version: 2.0.0
Check: R code for possible problems
Result: NOTE
    apc.plot.data.sparsity : function.sparsity.plot: no visible global
     function definition for ‘plot’
    apc.plot.data.sums: no visible global function definition for ‘plot’
    apc.plot.fit : function.plot.est.sdv: no visible global function
     definition for ‘plot’
    apc.plot.fit.pt: no visible global function definition for ‘plot’
    new.apc.plot.fit : function.plot.est.sdv: no visible global function
     definition for ‘plot’
    Undefined global functions or variables:
     plot
    Consider adding
     importFrom("graphics", "plot")
    to your NAMESPACE file.
Flavors: r-oldrel-macos-x86_64, r-oldrel-windows-ix86+x86_64