Last updated on 2022-07-03 23:55:39 CEST.
Flavor | Version | Tinstall | Tcheck | Ttotal | Status | Flags |
---|---|---|---|---|---|---|
r-devel-linux-x86_64-debian-clang | 4.0.2 | 79.64 | 138.16 | 217.80 | OK | |
r-devel-linux-x86_64-debian-gcc | 4.0.2 | 54.00 | 100.66 | 154.66 | OK | |
r-devel-linux-x86_64-fedora-clang | 4.0.2 | 317.97 | NOTE | |||
r-devel-linux-x86_64-fedora-gcc | 4.0.2 | 258.89 | OK | |||
r-devel-windows-x86_64 | 4.0.2 | 111.00 | 190.00 | 301.00 | NOTE | |
r-patched-linux-x86_64 | 4.0.2 | 57.22 | 129.07 | 186.29 | OK | |
r-release-linux-x86_64 | 4.0.2 | 59.72 | 126.60 | 186.32 | OK | |
r-release-macos-arm64 | 4.0.2 | 76.00 | NOTE | |||
r-release-macos-x86_64 | 4.0.2 | 121.00 | NOTE | |||
r-release-windows-x86_64 | 4.0.2 | 133.00 | 185.00 | 318.00 | NOTE | |
r-oldrel-macos-arm64 | 4.0.2 | 81.00 | NOTE | |||
r-oldrel-macos-x86_64 | 4.0.2 | 97.00 | NOTE | |||
r-oldrel-windows-ix86+x86_64 | 4.0.2 | 192.00 | 248.00 | 440.00 | NOTE |
Version: 4.0.2
Check: installed package size
Result: NOTE
installed size is 6.8Mb
sub-directories of 1Mb or more:
data 4.1Mb
libs 2.1Mb
Flavors: r-devel-linux-x86_64-fedora-clang, r-devel-windows-x86_64, r-release-macos-arm64, r-release-macos-x86_64, r-release-windows-x86_64, r-oldrel-macos-arm64, r-oldrel-macos-x86_64, r-oldrel-windows-ix86+x86_64