CRAN Package Check Results for Package animalEKF

Last updated on 2024-06-14 00:53:34 CEST.

Flavor Version Tinstall Tcheck Ttotal Status Flags
r-devel-linux-x86_64-debian-clang 1.2 38.48 227.49 265.97 NOTE
r-devel-linux-x86_64-debian-gcc 1.2 0.43 1.75 2.18 ERROR
r-devel-linux-x86_64-fedora-clang 1.2 327.69 NOTE
r-devel-linux-x86_64-fedora-gcc 1.2 304.59 NOTE
r-devel-windows-x86_64 1.2 32.00 148.00 180.00 NOTE
r-patched-linux-x86_64 1.2 38.23 212.75 250.98 NOTE
r-release-linux-x86_64 1.2 30.97 212.11 243.08 NOTE
r-release-macos-arm64 1.2 77.00 NOTE
r-release-macos-x86_64 1.2 140.00 NOTE
r-release-windows-x86_64 1.2 32.00 150.00 182.00 NOTE
r-oldrel-macos-arm64 1.2 79.00 OK
r-oldrel-macos-x86_64 1.2 225.00 OK
r-oldrel-windows-x86_64 1.2 41.00 198.00 239.00 OK

Check Details

Version: 1.2
Check: Rd files
Result: NOTE checkRd: (-1) EKF_1d_interp_joint.Rd:55: Lost braces; missing escapes or markup? 55 | Prior 1x1 covariance matrix for predicting x_t from x_{t-1}. | ^ checkRd: (-1) EKF_interp_joint.Rd:65: Lost braces; missing escapes or markup? 65 | Prior 2x2 covariance matrix for predicting x_t from x_{t-1}. | ^ Flavors: r-devel-linux-x86_64-debian-clang, r-devel-linux-x86_64-fedora-clang, r-devel-linux-x86_64-fedora-gcc, r-devel-windows-x86_64, r-patched-linux-x86_64, r-release-linux-x86_64, r-release-macos-arm64, r-release-macos-x86_64, r-release-windows-x86_64

Version: 1.2
Check: package dependencies
Result: ERROR Package required but not available: ‘ggplot2’ See section ‘The DESCRIPTION file’ in the ‘Writing R Extensions’ manual. Flavor: r-devel-linux-x86_64-debian-gcc