CRAN Package Check Results for Package analogue

Last updated on 2022-06-26 23:51:52 CEST.

Flavor Version Tinstall Tcheck Ttotal Status Flags
r-devel-linux-x86_64-debian-clang 0.17-6 19.36 178.42 197.78 NOTE
r-devel-linux-x86_64-debian-gcc 0.17-6 14.45 133.57 148.02 NOTE
r-devel-linux-x86_64-fedora-clang 0.17-6 239.87 NOTE
r-devel-linux-x86_64-fedora-gcc 0.17-6 242.77 NOTE
r-devel-windows-x86_64 0.17-6 121.00 237.00 358.00 NOTE
r-patched-linux-x86_64 0.17-6 28.10 167.60 195.70 OK
r-release-linux-x86_64 0.17-6 21.59 166.67 188.26 OK
r-release-macos-arm64 0.17-6 78.00 OK
r-release-macos-x86_64 0.17-6 105.00 OK
r-release-windows-x86_64 0.17-6 107.00 238.00 345.00 OK
r-oldrel-macos-arm64 0.17-6 92.00 OK
r-oldrel-macos-x86_64 0.17-6 101.00 OK
r-oldrel-windows-ix86+x86_64 0.17-6 40.00 282.00 322.00 OK

Check Details

Version: 0.17-6
Check: Rd files
Result: NOTE
    checkRd: (-1) deshrink.Rd:55: Escaped LaTeX specials: \&
    checkRd: (-1) deshrink.Rd:51: Escaped LaTeX specials: \&
    checkRd: (-1) plot.mat.Rd:60: Escaped LaTeX specials: \&
    checkRd: (-1) plot.wa.Rd:46: Escaped LaTeX specials: \&
    checkRd: (-1) predict.prcurve.Rd:5: Escaped LaTeX specials: \&
Flavors: r-devel-linux-x86_64-debian-clang, r-devel-linux-x86_64-debian-gcc, r-devel-linux-x86_64-fedora-clang, r-devel-linux-x86_64-fedora-gcc, r-devel-windows-x86_64