CRAN Package Check Results for Package anMC

Last updated on 2022-06-24 23:50:05 CEST.

Flavor Version Tinstall Tcheck Ttotal Status Flags
r-devel-linux-x86_64-debian-clang 0.2.2 34.45 36.67 71.12 NOTE
r-devel-linux-x86_64-debian-gcc 0.2.2 31.74 28.21 59.95 NOTE
r-devel-linux-x86_64-fedora-clang 0.2.2 116.63 NOTE
r-devel-linux-x86_64-fedora-gcc 0.2.2 107.09 NOTE
r-devel-windows-x86_64 0.2.2 42.00 77.00 119.00 NOTE
r-patched-linux-x86_64 0.2.2 33.33 34.82 68.15 NOTE
r-release-linux-x86_64 0.2.2 33.58 35.12 68.70 NOTE
r-release-macos-arm64 0.2.2 30.00 NOTE
r-release-macos-x86_64 0.2.2 47.00 NOTE
r-release-windows-x86_64 0.2.2 44.00 79.00 123.00 NOTE
r-oldrel-macos-arm64 0.2.2 32.00 NOTE
r-oldrel-macos-x86_64 0.2.2 59.00 NOTE
r-oldrel-windows-ix86+x86_64 0.2.2 100.00 87.00 187.00 NOTE

Check Details

Version: 0.2.2
Check: package dependencies
Result: NOTE
    Package suggested but not available for checking: 'tmg'
Flavors: r-devel-linux-x86_64-debian-clang, r-devel-linux-x86_64-debian-gcc, r-devel-linux-x86_64-fedora-clang, r-devel-linux-x86_64-fedora-gcc, r-devel-windows-x86_64, r-patched-linux-x86_64, r-release-linux-x86_64, r-release-macos-arm64, r-release-macos-x86_64, r-release-windows-x86_64

Version: 0.2.2
Check: LazyData
Result: NOTE
     'LazyData' is specified without a 'data' directory
Flavors: r-devel-linux-x86_64-debian-clang, r-devel-linux-x86_64-debian-gcc, r-devel-linux-x86_64-fedora-clang, r-devel-linux-x86_64-fedora-gcc, r-devel-windows-x86_64, r-patched-linux-x86_64, r-release-linux-x86_64, r-release-macos-arm64, r-release-macos-x86_64, r-release-windows-x86_64, r-oldrel-macos-arm64, r-oldrel-macos-x86_64, r-oldrel-windows-ix86+x86_64