CRAN Package Check Results for Package ampir

Last updated on 2022-12-03 23:56:09 CET.

Flavor Version Tinstall Tcheck Ttotal Status Flags
r-devel-linux-x86_64-debian-clang 1.1.0 32.42 181.90 214.32 OK
r-devel-linux-x86_64-debian-gcc 1.1.0 27.43 133.48 160.91 OK
r-devel-linux-x86_64-fedora-clang 1.1.0 283.69 NOTE
r-devel-linux-x86_64-fedora-gcc 1.1.0 265.93 NOTE
r-devel-windows-x86_64 1.1.0 50.00 211.00 261.00 OK
r-patched-linux-x86_64 1.1.0 23.25 170.74 193.99 OK
r-release-linux-x86_64 1.1.0 24.08 165.78 189.86 OK
r-release-macos-arm64 1.1.0 63.00 NOTE
r-release-macos-x86_64 1.1.0 115.00 NOTE
r-release-windows-x86_64 1.1.0 49.00 218.00 267.00 OK
r-oldrel-macos-arm64 1.1.0 72.00 NOTE
r-oldrel-macos-x86_64 1.1.0 87.00 NOTE
r-oldrel-windows-ix86+x86_64 1.1.0 85.00 263.00 348.00 OK

Check Details

Version: 1.1.0
Check: dependencies in R code
Result: NOTE
    Namespace in Imports field not imported from: ‘kernlab’
     All declared Imports should be used.
Flavors: r-devel-linux-x86_64-fedora-clang, r-devel-linux-x86_64-fedora-gcc, r-release-macos-arm64, r-release-macos-x86_64, r-oldrel-macos-arm64, r-oldrel-macos-x86_64