CRAN Package Check Results for Package alfred

Last updated on 2023-01-30 23:56:09 CET.

Flavor Version Tinstall Tcheck Ttotal Status Flags
r-devel-linux-x86_64-debian-clang 0.2.0 6.65 56.45 63.10 NOTE
r-devel-linux-x86_64-debian-gcc 0.2.0 5.17 42.00 47.17 NOTE
r-devel-linux-x86_64-fedora-clang 0.2.0 79.23 NOTE
r-devel-linux-x86_64-fedora-gcc 0.2.0 72.82 NOTE
r-devel-windows-x86_64 0.2.0 11.00 85.00 96.00 NOTE
r-patched-linux-x86_64 0.2.0 5.96 55.06 61.02 OK
r-release-linux-x86_64 0.2.0 5.90 55.62 61.52 OK
r-release-macos-arm64 0.2.0 24.00 NOTE
r-release-macos-x86_64 0.2.0 54.00 NOTE
r-release-windows-x86_64 0.2.0 13.00 86.00 99.00 OK
r-oldrel-macos-arm64 0.2.0 29.00 NOTE
r-oldrel-macos-x86_64 0.2.0 35.00 NOTE
r-oldrel-windows-ix86+x86_64 0.2.0 16.00 78.00 94.00 OK

Check Details

Version: 0.2.0
Check: package subdirectories
Result: NOTE
    Problems with news in ‘NEWS.md’:
    No news entries found.
Flavors: r-devel-linux-x86_64-debian-clang, r-devel-linux-x86_64-debian-gcc, r-devel-linux-x86_64-fedora-clang, r-devel-linux-x86_64-fedora-gcc, r-devel-windows-x86_64

Version: 0.2.0
Check: dependencies in R code
Result: NOTE
    Namespace in Imports field not imported from: ‘curl’
     All declared Imports should be used.
Flavors: r-devel-linux-x86_64-fedora-clang, r-devel-linux-x86_64-fedora-gcc, r-release-macos-arm64, r-release-macos-x86_64, r-oldrel-macos-arm64, r-oldrel-macos-x86_64