CRAN Package Check Results for Package akima

Last updated on 2021-01-25 23:49:00 CET.

Flavor Version Tinstall Tcheck Ttotal Status Flags
r-devel-linux-x86_64-debian-clang 0.6-2.1 11.80 37.90 49.70 OK
r-devel-linux-x86_64-debian-gcc 0.6-2.1 9.15 30.11 39.26 OK
r-devel-linux-x86_64-fedora-clang 0.6-2.1 71.10 NOTE
r-devel-linux-x86_64-fedora-gcc 0.6-2.1 60.44 OK
r-devel-windows-ix86+x86_64 0.6-2.1 31.00 71.00 102.00 OK
r-patched-linux-x86_64 0.6-2.1 9.23 36.78 46.01 OK
r-patched-solaris-x86 0.6-2.1 79.80 OK
r-release-linux-x86_64 0.6-2.1 10.67 37.02 47.69 OK
r-release-macos-x86_64 0.6-2.1 OK
r-release-windows-ix86+x86_64 0.6-2.1 32.00 51.00 83.00 OK
r-oldrel-macos-x86_64 0.6-2.1 OK
r-oldrel-windows-ix86+x86_64 0.6-2.1 29.00 65.00 94.00 OK

Check Details

Version: 0.6-2.1
Check: Rd cross-references
Result: NOTE
    Undeclared package ‘tripack’ in Rd xrefs
Flavor: r-devel-linux-x86_64-fedora-clang