CRAN Package Check Results for Package ahnr

Last updated on 2019-11-10 23:48:21 CET.

Flavor Version Tinstall Tcheck Ttotal Status Flags
r-devel-linux-x86_64-debian-clang 0.3.1 3.09 128.52 131.61 OK
r-devel-linux-x86_64-debian-gcc 0.3.1 3.17 87.73 90.90 OK
r-devel-linux-x86_64-fedora-clang 0.3.1 149.71 OK
r-devel-linux-x86_64-fedora-gcc 0.3.1 143.88 OK
r-devel-windows-ix86+x86_64 0.3.1 16.00 130.00 146.00 OK
r-patched-linux-x86_64 0.3.1 3.57 117.99 121.56 OK
r-patched-solaris-x86 0.3.1 123.80 WARN
r-release-linux-x86_64 0.3.1 3.93 114.83 118.76 OK
r-release-windows-ix86+x86_64 0.3.1 15.00 126.00 141.00 OK
r-release-osx-x86_64 0.3.1 WARN
r-oldrel-windows-ix86+x86_64 0.3.1 13.00 182.00 195.00 OK
r-oldrel-osx-x86_64 0.3.1 WARN

Check Details

Version: 0.3.1
Check: re-building of vignette outputs
Result: WARN
    Error(s) in re-building vignettes:
     ...
    --- re-building ‘ahn.Rmd’ using rmarkdown
    Warning in engine$weave(file, quiet = quiet, encoding = enc) :
     Pandoc (>= 1.12.3) and/or pandoc-citeproc not available. Falling back to R Markdown v1.
    Quitting from lines 66-67 (ahn.Rmd)
    Error: processing vignette 'ahn.Rmd' failed with diagnostics:
    there is no package called 'webshot'
    --- failed re-building ‘ahn.Rmd’
    
    SUMMARY: processing the following file failed:
     ‘ahn.Rmd’
    
    Error: Vignette re-building failed.
    Execution halted
Flavor: r-patched-solaris-x86

Version: 0.3.1
Check: re-building of vignette outputs
Result: WARN
    Error(s) in re-building vignettes:
     ...
    --- re-building ‘ahn.Rmd’ using rmarkdown
    Warning in engine$weave(file, quiet = quiet, encoding = enc) :
     Pandoc (>= 1.12.3) and/or pandoc-citeproc not available. Falling back to R Markdown v1.
    Quitting from lines 66-67 (ahn.Rmd)
    Error: processing vignette 'ahn.Rmd' failed with diagnostics:
    cannot open the connection
    --- failed re-building ‘ahn.Rmd’
    
    SUMMARY: processing the following file failed:
     ‘ahn.Rmd’
    
    Error: Vignette re-building failed.
    Execution halted
Flavor: r-release-osx-x86_64

Version: 0.3.1
Check: re-building of vignette outputs
Result: WARN
    Error in re-building vignettes:
     ...
    Warning in engine$weave(file, quiet = quiet, encoding = enc) :
     Pandoc (>= 1.12.3) and/or pandoc-citeproc not available. Falling back to R Markdown v1.
    Quitting from lines 66-67 (ahn.Rmd)
    Error: processing vignette 'ahn.Rmd' failed with diagnostics:
    cannot open the connection
    Execution halted
Flavor: r-oldrel-osx-x86_64