Last updated on 2022-05-22 23:51:37 CEST.
Flavor | Version | Tinstall | Tcheck | Ttotal | Status | Flags |
---|---|---|---|---|---|---|
r-devel-linux-x86_64-debian-clang | 1.20 | 12.34 | 160.57 | 172.91 | NOTE | |
r-devel-linux-x86_64-debian-gcc | 1.20 | 9.65 | 122.51 | 132.16 | NOTE | |
r-devel-linux-x86_64-fedora-clang | 1.20 | 194.34 | OK | |||
r-devel-linux-x86_64-fedora-gcc | 1.20 | 190.50 | OK | |||
r-devel-windows-x86_64 | 1.20 | 381.00 | 308.00 | 689.00 | OK | |
r-patched-linux-x86_64 | 1.20 | 18.47 | 142.82 | 161.29 | OK | |
r-release-linux-x86_64 | 1.20 | 12.20 | 144.65 | 156.85 | OK | |
r-release-macos-arm64 | 1.20 | 92.00 | OK | |||
r-release-macos-x86_64 | 1.20 | 114.00 | OK | |||
r-release-windows-x86_64 | 1.20 | 266.00 | 296.00 | 562.00 | OK | |
r-oldrel-macos-arm64 | 1.20 | 83.00 | OK | |||
r-oldrel-macos-x86_64 | 1.20 | 130.00 | OK | |||
r-oldrel-windows-ix86+x86_64 | 1.20 | 23.00 | 206.00 | 229.00 | OK |
Version: 1.20
Check: HTML version of manual
Result: NOTE
Found the following problems:
kang.maize.Rd:44:1: Warning: trimming empty <dt>
Flavors: r-devel-linux-x86_64-debian-clang, r-devel-linux-x86_64-debian-gcc